{"id":6245,"date":"2025-01-29T13:48:08","date_gmt":"2025-01-29T12:48:08","guid":{"rendered":"https:\/\/asel.hr\/webshop\/?post_type=product&#038;p=6245"},"modified":"2026-04-23T03:55:37","modified_gmt":"2026-04-23T01:55:37","slug":"solarna-pumpa-250w-20m-24v-3m3-h-1","status":"publish","type":"product","link":"https:\/\/asel.hr\/webshop\/proizvod\/solarna-pumpa-250w-20m-24v-3m3-h-1\/","title":{"rendered":"Solarna pumpa 250W 20m 24V 3m3\/h 1&#8243;"},"content":{"rendered":"<p>Solarne dubinske pumpe idealne za navodnjavanje povr\u0161ina gdje ne postoji elektri\u010dno napajanje.<br \/>\nPumpe su bez \u010detkica, nije potrebno odr\u017eavanje.<br \/>\nTreba paziti da pumpa ne radi na suho!<\/p>\n<p>max.snaga: 250W<br \/>\nRadni napon: 24VDC, mogu\u0107e napajanje direktno sa solarne plo\u010de!<br \/>\nMaksimalni ulazni napon (VDC): Pumpa mo\u017ee regulirati napon u rasponu od 24V do 50V DC<br \/>\nmax protok: 3m3\/h<br \/>\nmax dizanje: 20m<br \/>\npriklju\u010dak: 1&#8243;<\/p>\n","protected":false},"excerpt":{"rendered":"<p>Solarne dubinske pumpe idealne za navodnjavanje povr\u0161ina gdje ne postoji elektri\u010dno napajanje. Pumpe su bez \u010detkica, nije potrebno odr\u017eavanje. Treba paziti da pumpa ne radi na suho! max.snaga: 250W Radni napon: 24VDC, mogu\u0107e napajanje direktno sa solarne plo\u010de! Maksimalni ulazni napon (VDC): Pumpa mo\u017ee regulirati napon u rasponu od 24V do 50V DC max protok: [&hellip;]<\/p>\n","protected":false},"featured_media":6246,"template":"","meta":{"_links_to":"","_links_to_target":""},"product_cat":[129],"product_tag":[],"_links":{"self":[{"href":"https:\/\/asel.hr\/webshop\/wp-json\/wp\/v2\/product\/6245"}],"collection":[{"href":"https:\/\/asel.hr\/webshop\/wp-json\/wp\/v2\/product"}],"about":[{"href":"https:\/\/asel.hr\/webshop\/wp-json\/wp\/v2\/types\/product"}],"wp:featuredmedia":[{"embeddable":true,"href":"https:\/\/asel.hr\/webshop\/wp-json\/wp\/v2\/media\/6246"}],"wp:attachment":[{"href":"https:\/\/asel.hr\/webshop\/wp-json\/wp\/v2\/media?parent=6245"}],"wp:term":[{"taxonomy":"product_cat","embeddable":true,"href":"https:\/\/asel.hr\/webshop\/wp-json\/wp\/v2\/product_cat?post=6245"},{"taxonomy":"product_tag","embeddable":true,"href":"https:\/\/asel.hr\/webshop\/wp-json\/wp\/v2\/product_tag?post=6245"}],"curies":[{"name":"wp","href":"https:\/\/api.w.org\/{rel}","templated":true}]}}