{"id":5501,"date":"2023-12-02T02:20:21","date_gmt":"2023-12-02T01:20:21","guid":{"rendered":"https:\/\/asel.hr\/webshop\/?post_type=product&#038;p=5501"},"modified":"2026-04-18T03:55:19","modified_gmt":"2026-04-18T01:55:19","slug":"mppt-regulator-30a-12-24v-dmd","status":"publish","type":"product","link":"https:\/\/asel.hr\/webshop\/proizvod\/mppt-regulator-30a-12-24v-dmd\/","title":{"rendered":"MPPT regulator 30A 12\/24V DMD"},"content":{"rendered":"<p>MPPT regulator &#8211; (Maximum Power Point Tracking technology)<\/p>\n<p>Nazivni napon 12V\/24V<br \/>\nNazivna struja 30A<\/p>\n<p>&#8211; najva\u017enija zna\u010dajka ovog regulatora:<br \/>\n inteligentno pra\u0107enje ulaznog napona iz solarnih panela, koji omogu\u0107ava solarnom modulu da radi na maksimalnoj snazi (V\/A krivulje).<br \/>\n U usporedbi s normalnim solarnim regulatorima punjenja, MPPT kontroleri mogu pove\u0107ati efikasnost od 10% -30%.<\/p>\n<style>\n  .btn {\n    background-color: DodgerBlue;\n    border: none;\n    color: white;\n    cursor: pointer;\n    font-size: 20px;<\/p>\n<p>  }<\/p>\n<p>  \/* Darker background on mouse-over *\/\n  .btn:hover {\n    background-color: RoyalBlue;\n  }<\/p>\n<\/style>\n<p><a href=\"https:\/\/asel.hr\/webshop\/wp-content\/uploads\/2024\/04\/Jamstvo%20Solarni%20regulator.pdf\"><br \/>\n<button class=\"btn\" ><i class=\"fa fa-download\" style=\"font-size: 25px;\"><\/i> Preuzmi Jamstvene uvjete\u3164<\/button><br \/>\n<\/a><\/p>\n","protected":false},"excerpt":{"rendered":"<p>MPPT regulator &#8211; (Maximum Power Point Tracking technology) Nazivni napon 12V\/24V Nazivna struja 30A &#8211; najva\u017enija zna\u010dajka ovog regulatora: inteligentno pra\u0107enje ulaznog napona iz solarnih panela, koji omogu\u0107ava solarnom modulu da radi na maksimalnoj snazi (V\/A krivulje). U usporedbi s normalnim solarnim regulatorima punjenja, MPPT kontroleri mogu pove\u0107ati efikasnost od 10% -30%. Preuzmi Jamstvene uvjete\u3164<\/p>\n","protected":false},"featured_media":3824,"template":"","meta":{"_links_to":"","_links_to_target":""},"product_cat":[124],"product_tag":[],"_links":{"self":[{"href":"https:\/\/asel.hr\/webshop\/wp-json\/wp\/v2\/product\/5501"}],"collection":[{"href":"https:\/\/asel.hr\/webshop\/wp-json\/wp\/v2\/product"}],"about":[{"href":"https:\/\/asel.hr\/webshop\/wp-json\/wp\/v2\/types\/product"}],"wp:featuredmedia":[{"embeddable":true,"href":"https:\/\/asel.hr\/webshop\/wp-json\/wp\/v2\/media\/3824"}],"wp:attachment":[{"href":"https:\/\/asel.hr\/webshop\/wp-json\/wp\/v2\/media?parent=5501"}],"wp:term":[{"taxonomy":"product_cat","embeddable":true,"href":"https:\/\/asel.hr\/webshop\/wp-json\/wp\/v2\/product_cat?post=5501"},{"taxonomy":"product_tag","embeddable":true,"href":"https:\/\/asel.hr\/webshop\/wp-json\/wp\/v2\/product_tag?post=5501"}],"curies":[{"name":"wp","href":"https:\/\/api.w.org\/{rel}","templated":true}]}}