{"id":2568,"date":"2019-12-24T16:57:59","date_gmt":"2019-12-24T15:57:59","guid":{"rendered":"https:\/\/asel.hr\/webshop\/?post_type=product&#038;p=2568"},"modified":"2026-05-01T03:55:58","modified_gmt":"2026-05-01T01:55:58","slug":"savijac","status":"publish","type":"product","link":"https:\/\/asel.hr\/webshop\/proizvod\/savijac\/","title":{"rendered":"SAVIJA\u010c"},"content":{"rendered":"<p>SAVIJA\u010c BETONSKE \u017dICE i TRAKA<br \/>\nRang savijanja okrugle \u017eice:\t6-40mm<br \/>\nRang savijanja betonske \u017eice (s naborima):  \t6-32mm<br \/>\nBrzina savijanja\t20-30 kom\/min<br \/>\nSnaga motora \t3kw<br \/>\nUlazni napon \t3 x 400V 50Hz<br \/>\nBrzina motora \t1440 okr\/min<br \/>\nNa\u010din rada  \tRu\u010dno aktiviranje<br \/>\nPrijenos sile  \treduktor<br \/>\nTe\u017eina \t380kg<br \/>\nDimenzije \t870*810*850mm<\/p>\n<p>AGW40C je izvrstan poluautomatski savija\u010d \u010deli\u010dnih betonskih \u0161ipki okruglih i izbrazdanih, plosnatih i kvadratnih, prvenstveno namijenjen za proizvodnju raznih oblika armature koja se koristi kod gradnje armirano betonskih objekata.<br \/>\nKarakteristike:<\/p>\n<p>\u2981\tAdopt full-sealed gear box and the gear box is\u00a0separated with\u00a0working disc.so the gear and box will be not\u00a0distortion during working period ,no leaked lubricating oil from gear box.<br \/>\n\u2981\tAlloy tools steel gears and working disc adopt forging and quenching workmanship<br \/>\n\u2981\tDust proof copper\u00a0motor<br \/>\n\u2981\tThickness working desk<\/p>\n<p><img decoding=\"async\" loading=\"lazy\" src=\"https:\/\/asel.hr\/webshop\/wp-content\/uploads\/2019\/12\/2.png\" alt=\"\" width=\"798\" height=\"632\" class=\"alignnone size-full wp-image-2569\" srcset=\"https:\/\/asel.hr\/webshop\/wp-content\/uploads\/2019\/12\/2.png 798w, https:\/\/asel.hr\/webshop\/wp-content\/uploads\/2019\/12\/2-300x238.png 300w, https:\/\/asel.hr\/webshop\/wp-content\/uploads\/2019\/12\/2-768x608.png 768w, https:\/\/asel.hr\/webshop\/wp-content\/uploads\/2019\/12\/2-600x475.png 600w\" sizes=\"(max-width: 798px) 100vw, 798px\" \/><\/p>\n<p><img decoding=\"async\" loading=\"lazy\" src=\"https:\/\/asel.hr\/webshop\/wp-content\/uploads\/2019\/12\/3.png\" alt=\"\" width=\"798\" height=\"503\" class=\"alignnone size-full wp-image-2570\" srcset=\"https:\/\/asel.hr\/webshop\/wp-content\/uploads\/2019\/12\/3.png 798w, https:\/\/asel.hr\/webshop\/wp-content\/uploads\/2019\/12\/3-300x189.png 300w, https:\/\/asel.hr\/webshop\/wp-content\/uploads\/2019\/12\/3-768x484.png 768w, https:\/\/asel.hr\/webshop\/wp-content\/uploads\/2019\/12\/3-600x378.png 600w\" sizes=\"(max-width: 798px) 100vw, 798px\" \/><\/p>\n<p><img decoding=\"async\" loading=\"lazy\" src=\"https:\/\/asel.hr\/webshop\/wp-content\/uploads\/2019\/12\/4.png\" alt=\"\" width=\"798\" height=\"591\" class=\"alignnone size-full wp-image-2571\" srcset=\"https:\/\/asel.hr\/webshop\/wp-content\/uploads\/2019\/12\/4.png 798w, https:\/\/asel.hr\/webshop\/wp-content\/uploads\/2019\/12\/4-300x222.png 300w, https:\/\/asel.hr\/webshop\/wp-content\/uploads\/2019\/12\/4-768x569.png 768w, https:\/\/asel.hr\/webshop\/wp-content\/uploads\/2019\/12\/4-600x444.png 600w\" sizes=\"(max-width: 798px) 100vw, 798px\" \/><\/p>\n<p><img decoding=\"async\" loading=\"lazy\" src=\"https:\/\/asel.hr\/webshop\/wp-content\/uploads\/2019\/12\/5.png\" alt=\"\" width=\"798\" height=\"630\" class=\"alignnone size-full wp-image-2572\" srcset=\"https:\/\/asel.hr\/webshop\/wp-content\/uploads\/2019\/12\/5.png 798w, https:\/\/asel.hr\/webshop\/wp-content\/uploads\/2019\/12\/5-300x237.png 300w, https:\/\/asel.hr\/webshop\/wp-content\/uploads\/2019\/12\/5-768x606.png 768w, https:\/\/asel.hr\/webshop\/wp-content\/uploads\/2019\/12\/5-600x474.png 600w\" sizes=\"(max-width: 798px) 100vw, 798px\" \/><\/p>\n<p><img decoding=\"async\" loading=\"lazy\" src=\"https:\/\/asel.hr\/webshop\/wp-content\/uploads\/2019\/12\/Untitled.png\" alt=\"\" width=\"798\" height=\"632\" class=\"alignnone size-full wp-image-2573\" srcset=\"https:\/\/asel.hr\/webshop\/wp-content\/uploads\/2019\/12\/Untitled.png 798w, https:\/\/asel.hr\/webshop\/wp-content\/uploads\/2019\/12\/Untitled-300x238.png 300w, https:\/\/asel.hr\/webshop\/wp-content\/uploads\/2019\/12\/Untitled-768x608.png 768w, https:\/\/asel.hr\/webshop\/wp-content\/uploads\/2019\/12\/Untitled-600x475.png 600w\" sizes=\"(max-width: 798px) 100vw, 798px\" \/><\/p>\n","protected":false},"excerpt":{"rendered":"<p>SAVIJA\u010c BETONSKE \u017dICE i TRAKA Rang savijanja okrugle \u017eice: 6-40mm Rang savijanja betonske \u017eice (s naborima): 6-32mm Brzina savijanja 20-30 kom\/min Snaga motora 3kw Ulazni napon 3 x 400V 50Hz Brzina motora 1440 okr\/min Na\u010din rada Ru\u010dno aktiviranje Prijenos sile reduktor Te\u017eina 380kg Dimenzije 870*810*850mm AGW40C je izvrstan poluautomatski savija\u010d \u010deli\u010dnih betonskih \u0161ipki okruglih i [&hellip;]<\/p>\n","protected":false},"featured_media":2567,"template":"","meta":{"_links_to":"","_links_to_target":""},"product_cat":[174],"product_tag":[],"_links":{"self":[{"href":"https:\/\/asel.hr\/webshop\/wp-json\/wp\/v2\/product\/2568"}],"collection":[{"href":"https:\/\/asel.hr\/webshop\/wp-json\/wp\/v2\/product"}],"about":[{"href":"https:\/\/asel.hr\/webshop\/wp-json\/wp\/v2\/types\/product"}],"wp:featuredmedia":[{"embeddable":true,"href":"https:\/\/asel.hr\/webshop\/wp-json\/wp\/v2\/media\/2567"}],"wp:attachment":[{"href":"https:\/\/asel.hr\/webshop\/wp-json\/wp\/v2\/media?parent=2568"}],"wp:term":[{"taxonomy":"product_cat","embeddable":true,"href":"https:\/\/asel.hr\/webshop\/wp-json\/wp\/v2\/product_cat?post=2568"},{"taxonomy":"product_tag","embeddable":true,"href":"https:\/\/asel.hr\/webshop\/wp-json\/wp\/v2\/product_tag?post=2568"}],"curies":[{"name":"wp","href":"https:\/\/api.w.org\/{rel}","templated":true}]}}