{"id":2558,"date":"2019-12-21T16:19:25","date_gmt":"2019-12-21T15:19:25","guid":{"rendered":"https:\/\/asel.hr\/webshop\/?post_type=product&#038;p=2558"},"modified":"2026-04-18T03:55:22","modified_gmt":"2026-04-18T01:55:22","slug":"solarni-set-za-vikendicu-1-5kw","status":"publish","type":"product","link":"https:\/\/asel.hr\/webshop\/proizvod\/solarni-set-za-vikendicu-1-5kw\/","title":{"rendered":"AS-VIKENDICA"},"content":{"rendered":"<p>Solarni set za vikendicu sadr\u017ei:<br \/>\nCijene su promijenjive i stavke se mogu promijeniti iz seta.<br \/>\nKonstrukcija ra\u0111ena za kosi krov s standardnim crijepom.<br \/>\nKupac mora javiti ako se radi o limu, \u0161indri, biber crijepu.<\/p>\n<p>Kako odrediti potrebnu veli\u010dinu fotonaponskog izvora elektri\u010dne energije ??<\/p>\n<p>Primjena fotonaponskih izvora elektri\u010dne energije mogu\u0107a je neovisno o broju sun\u010danih dana u godini u primorskim i u kontinentalnim krajevima. Dimenzioniranje fotonaponskih izvora elektri\u010dne energije zavisi o specifi\u010dnim potrebama potro\u0161a\u010da. Pri dimenzioniranju treba izra\u010dunati potro\u0161nju. Snagu pojedinih potro\u0161a\u010da (W) pomno\u017eimo s dnevnim vremenom upotrebe (sati).<\/p>\n<p>Na primjer: Imamo vikend ku\u0107u s dva \u0161tedna rasvjetna mjesta (25 W) koja rade 1h dnevno, ventilatorom (60 W) koji radi 1h dnevno i LCD televizorom (50 W) koji radi 2h dnevno. Kolika je dnevna potro\u0161nja elektri\u010dne energije u navedenom objektu ?<\/p>\n<p>Dnevna potro\u0161nja elektri\u010dne energije u vikend ku\u0107i iznosi: (2x25W) x 1sat + 60W x 1sat + 50W x 2sata = 210Wh.<\/p>\n<p>Za takvu dnevnu potro\u0161nju dovoljno je instalirati jedan AMERISOLAR fotonaponski modul od 285W, regulator punjenja akumulatorske baterije i dvije akumulatorske baterije kapaciteta 55 Ah pri 24V napona izvora.<\/p>\n<p>U zimskim uvjetima ventilator nije u upotrebi te stoga ne mijenjamo veli\u010dinu fotonaponskog izvora.<\/p>\n<p>Ako su tro\u0161ila na izmjeni\u010dni napon potrebno je u sistem dodati istosmjerno \/ izmjeni\u010dni pretvara\u010d, tj. ure\u0111aj koji pretvara istosmjerni napon 24V DC u izmjeni\u010dni napon 220V AC.<\/p>\n<p>Opcija: mo\u017eete sve stavke iz seta mijenjati po Va\u0161em izboru i tra\u017eiti novu ponudu.<\/p>\n","protected":false},"excerpt":{"rendered":"<p>Solarni set za vikendicu sadr\u017ei: Cijene su promijenjive i stavke se mogu promijeniti iz seta. Konstrukcija ra\u0111ena za kosi krov s standardnim crijepom. Kupac mora javiti ako se radi o limu, \u0161indri, biber crijepu. Kako odrediti potrebnu veli\u010dinu fotonaponskog izvora elektri\u010dne energije ?? Primjena fotonaponskih izvora elektri\u010dne energije mogu\u0107a je neovisno o broju sun\u010danih dana [&hellip;]<\/p>\n","protected":false},"featured_media":2553,"template":"","meta":{"_links_to":"","_links_to_target":""},"product_cat":[184],"product_tag":[],"_links":{"self":[{"href":"https:\/\/asel.hr\/webshop\/wp-json\/wp\/v2\/product\/2558"}],"collection":[{"href":"https:\/\/asel.hr\/webshop\/wp-json\/wp\/v2\/product"}],"about":[{"href":"https:\/\/asel.hr\/webshop\/wp-json\/wp\/v2\/types\/product"}],"wp:featuredmedia":[{"embeddable":true,"href":"https:\/\/asel.hr\/webshop\/wp-json\/wp\/v2\/media\/2553"}],"wp:attachment":[{"href":"https:\/\/asel.hr\/webshop\/wp-json\/wp\/v2\/media?parent=2558"}],"wp:term":[{"taxonomy":"product_cat","embeddable":true,"href":"https:\/\/asel.hr\/webshop\/wp-json\/wp\/v2\/product_cat?post=2558"},{"taxonomy":"product_tag","embeddable":true,"href":"https:\/\/asel.hr\/webshop\/wp-json\/wp\/v2\/product_tag?post=2558"}],"curies":[{"name":"wp","href":"https:\/\/api.w.org\/{rel}","templated":true}]}}