{"id":2552,"date":"2019-12-21T16:17:03","date_gmt":"2019-12-21T15:17:03","guid":{"rendered":"https:\/\/asel.hr\/webshop\/?post_type=product&#038;p=2552"},"modified":"2026-04-26T03:55:36","modified_gmt":"2026-04-26T01:55:36","slug":"solarni-set-za-vikendicu-3kw","status":"publish","type":"product","link":"https:\/\/asel.hr\/webshop\/proizvod\/solarni-set-za-vikendicu-3kw\/","title":{"rendered":"AS-VIKENDICA FULL"},"content":{"rendered":"<p>&nbsp;<br \/>\nCijene su promijenjive i stavke se mogu promijeniti iz seta.<br \/>\nKonstrukcija ra\u0111ena za kosi krov s standardnim crijepom.<br \/>\nKupac mora javiti ako se radi o limu, \u0161indri, biber crijepu.<br \/>\n<img decoding=\"async\" loading=\"lazy\" src=\"https:\/\/asel.hr\/webshop\/wp-content\/uploads\/2019\/12\/image001-1-1.png\" alt=\"\" width=\"896\" height=\"454\" class=\"alignnone size-full wp-image-5977\" srcset=\"https:\/\/asel.hr\/webshop\/wp-content\/uploads\/2019\/12\/image001-1-1.png 896w, https:\/\/asel.hr\/webshop\/wp-content\/uploads\/2019\/12\/image001-1-1-300x152.png 300w, https:\/\/asel.hr\/webshop\/wp-content\/uploads\/2019\/12\/image001-1-1-768x389.png 768w, https:\/\/asel.hr\/webshop\/wp-content\/uploads\/2019\/12\/image001-1-1-600x304.png 600w\" sizes=\"(max-width: 896px) 100vw, 896px\" \/><\/p>\n<p class=\"m_-6463340769513887061MsoNoSpacing\">Solarni fotonaponski moduli su namijenjeni pretvorbi besplatne i beskona\u010dne sun\u010deve energije u elektri\u010dnu.<u><\/u><u><\/u><\/p>\n<p class=\"m_-6463340769513887061MsoNoSpacing\"><span class=\"m_-6463340769513887061style25\">Visoka efikasnost solarnih \u0107elija osigurava visoku u\u010dinkovitost solarnih modula<\/span><u><\/u><u><\/u><\/p>\n<p class=\"m_-6463340769513887061MsoNoSpacing\"><span class=\"m_-6463340769513887061style25\">Vrhunski solarni paneli 285W poly, imaju toleranciju od 0 do + 5% i svaki je ispitan na snagu.<\/span><u><\/u><u><\/u><\/p>\n<p class=\"m_-6463340769513887061MsoNoSpacing\">JAMSTVO NA SNAGU 80% OD NOMINALNE SNAGE ZA 30.g.<br \/>\n<span class=\"m_-6463340769513887061style25\">torzijski i korozijski otporna anodizirana rama osigurava dobre perfomanse kroz dugo vrijeme, \u010dak i za krajeve sa vrlo nepovoljnim vremenskim uvjetima<\/span><u><\/u><u><\/u><\/p>\n<p class=\"m_-6463340769513887061MsoNoSpacing\">Baterije smjestiti u prostor s temperaturom do 25\u2070C. Okolne temperature ve\u0107e od 35\u2070C \u0107e skratiti \u017eivotni vijek baterije i do 50%.<u><\/u><u><\/u><\/p>\n<p class=\"m_-6463340769513887061MsoNoSpacing\"><u><\/u>\u00a0<u><\/u><\/p>\n<p class=\"m_-6463340769513887061MsoNoSpacing\">OPCIJE:<u><\/u><u><\/u><\/p>\n<ul type=\"disc\">\n<li class=\"m_-6463340769513887061MsoNoSpacing\">ormar s prenaponskom, prekostrujnom\u00a0 i za\u0161titom od kratkog spoja<u><\/u><u><\/u><\/li>\n<li class=\"m_-6463340769513887061MsoNoSpacing\">baterijski balanser \u2013 izjedna\u010dava napunjenost baterija \u2013 produ\u017euje \u017eivotni vijek baterija<u><\/u><u><\/u><\/li>\n<li class=\"m_-6463340769513887061MsoNoSpacing\">Monta\u017ea (potrebna slika objekta i adresa)<u><\/u><u><\/u><\/li>\n<li class=\"m_-6463340769513887061MsoNoSpacing\">konstrukcija za kosi ili ravni krov<u><\/u><u><\/u><\/li>\n<li class=\"m_-6463340769513887061MsoNoSpacing\">konstrukcija koja optimizira nagib panela na 33\u2070<u><\/u><u><\/u><\/li>\n<li class=\"m_-6463340769513887061MsoNoSpacing\">mobilne konstrukcije (prenosive traktorom)<u><\/u><u><\/u><\/li>\n<li class=\"m_-6463340769513887061MsoNoSpacing\">solarne kiselinske baterije ili solarne GELTECH baterije (bez odr\u017eavanja)<u><\/u><u><\/u><\/li>\n<li class=\"m_-6463340769513887061MsoNoSpacing\">solarni kabel 4mm2\u00a0 ili 6mm2<u><\/u><u><\/u><\/li>\n<\/ul>\n<p class=\"m_-6463340769513887061MsoNoSpacing\"><u><\/u>\u00a0<u><\/u><\/p>\n<p class=\"m_-6463340769513887061MsoNoSpacing\"><u><\/u>\u00a0<u><\/u><\/p>\n<p class=\"m_-6463340769513887061MsoNoSpacing\"><u><\/u>\u00a0<u><\/u><\/p>\n<p class=\"m_-6463340769513887061MsoNoSpacing\">\u2022 Solarne kiselinske baterije: vijek trajanja do 7 godina<u><\/u><u><\/u><\/p>\n<p class=\"m_-6463340769513887061MsoNoSpacing\">Za razliku od startnih kiselinskih akumulatora ne mogu dati kratkotrajne velike struje , ali podnese dublja pra\u017enjenja. No ne preporu\u010da se pra\u017enjenje ispod 11V po bateriji.<u><\/u><u><\/u><\/p>\n<p class=\"m_-6463340769513887061MsoNoSpacing\">Potrebno je kontrolirati nivo elektrolita u \u0107elijama baterija i po potrebi nadolijevati s demineraliziranom vodom da nivo elektrilita bude cca 10mm iznad elektroda.<u><\/u><u><\/u><\/p>\n<p class=\"m_-6463340769513887061MsoNoSpacing\">Ako padne nivo elektrolita ispod razine elektroda dolazi do nepopravljivog o\u0161te\u0107enja baterija. Takvo o\u0161te\u0107enje baterija nije pokriveno jamstvom za baterije.\u00a0<u><\/u><u><\/u><\/p>\n<p class=\"m_-6463340769513887061MsoNoSpacing\">Baterije smjestiti u prostor s temperaturom do 25\u2070C. Okolne temperature ve\u0107e od 35\u2070C \u0107e skratiti \u017eivotni vijek baterije i do 50%.<\/p>\n<p>Opcija: mo\u017eete sve stavke iz seta mijenjati po Va\u0161em izboru i tra\u017eiti novu ponudu.<\/p>\n","protected":false},"excerpt":{"rendered":"<p>&nbsp; Cijene su promijenjive i stavke se mogu promijeniti iz seta. Konstrukcija ra\u0111ena za kosi krov s standardnim crijepom. Kupac mora javiti ako se radi o limu, \u0161indri, biber crijepu. Solarni fotonaponski moduli su namijenjeni pretvorbi besplatne i beskona\u010dne sun\u010deve energije u elektri\u010dnu. Visoka efikasnost solarnih \u0107elija osigurava visoku u\u010dinkovitost solarnih modula Vrhunski solarni paneli [&hellip;]<\/p>\n","protected":false},"featured_media":5074,"template":"","meta":{"_links_to":"","_links_to_target":""},"product_cat":[184],"product_tag":[],"_links":{"self":[{"href":"https:\/\/asel.hr\/webshop\/wp-json\/wp\/v2\/product\/2552"}],"collection":[{"href":"https:\/\/asel.hr\/webshop\/wp-json\/wp\/v2\/product"}],"about":[{"href":"https:\/\/asel.hr\/webshop\/wp-json\/wp\/v2\/types\/product"}],"wp:featuredmedia":[{"embeddable":true,"href":"https:\/\/asel.hr\/webshop\/wp-json\/wp\/v2\/media\/5074"}],"wp:attachment":[{"href":"https:\/\/asel.hr\/webshop\/wp-json\/wp\/v2\/media?parent=2552"}],"wp:term":[{"taxonomy":"product_cat","embeddable":true,"href":"https:\/\/asel.hr\/webshop\/wp-json\/wp\/v2\/product_cat?post=2552"},{"taxonomy":"product_tag","embeddable":true,"href":"https:\/\/asel.hr\/webshop\/wp-json\/wp\/v2\/product_tag?post=2552"}],"curies":[{"name":"wp","href":"https:\/\/api.w.org\/{rel}","templated":true}]}}