{"id":2550,"date":"2019-12-21T16:16:14","date_gmt":"2019-12-21T15:16:14","guid":{"rendered":"https:\/\/asel.hr\/webshop\/?post_type=product&#038;p=2550"},"modified":"2026-04-18T03:55:22","modified_gmt":"2026-04-18T01:55:22","slug":"solarni-set-za-vikendicu-1-5kw-24v","status":"publish","type":"product","link":"https:\/\/asel.hr\/webshop\/proizvod\/solarni-set-za-vikendicu-1-5kw-24v\/","title":{"rendered":"AS-pivnica"},"content":{"rendered":"<p>Solarni set za vikendicu sastoji od:<\/p>\n<p><img decoding=\"async\" loading=\"lazy\" src=\"https:\/\/asel.hr\/webshop\/wp-content\/uploads\/2019\/12\/image001-1-2.png\" alt=\"\" width=\"577\" height=\"346\" class=\"alignnone size-full wp-image-6787\" srcset=\"https:\/\/asel.hr\/webshop\/wp-content\/uploads\/2019\/12\/image001-1-2.png 577w, https:\/\/asel.hr\/webshop\/wp-content\/uploads\/2019\/12\/image001-1-2-300x180.png 300w\" sizes=\"(max-width: 577px) 100vw, 577px\" \/><\/p>\n<p>Opcija: mo\u017eete sve stavke iz seta mijenjati po Va\u0161em izboru i tra\u017eiti novu ponudu.<\/p>\n","protected":false},"excerpt":{"rendered":"<p>Solarni set za vikendicu sastoji od: Opcija: mo\u017eete sve stavke iz seta mijenjati po Va\u0161em izboru i tra\u017eiti novu ponudu.<\/p>\n","protected":false},"featured_media":2551,"template":"","meta":{"_links_to":"","_links_to_target":""},"product_cat":[184],"product_tag":[],"_links":{"self":[{"href":"https:\/\/asel.hr\/webshop\/wp-json\/wp\/v2\/product\/2550"}],"collection":[{"href":"https:\/\/asel.hr\/webshop\/wp-json\/wp\/v2\/product"}],"about":[{"href":"https:\/\/asel.hr\/webshop\/wp-json\/wp\/v2\/types\/product"}],"wp:featuredmedia":[{"embeddable":true,"href":"https:\/\/asel.hr\/webshop\/wp-json\/wp\/v2\/media\/2551"}],"wp:attachment":[{"href":"https:\/\/asel.hr\/webshop\/wp-json\/wp\/v2\/media?parent=2550"}],"wp:term":[{"taxonomy":"product_cat","embeddable":true,"href":"https:\/\/asel.hr\/webshop\/wp-json\/wp\/v2\/product_cat?post=2550"},{"taxonomy":"product_tag","embeddable":true,"href":"https:\/\/asel.hr\/webshop\/wp-json\/wp\/v2\/product_tag?post=2550"}],"curies":[{"name":"wp","href":"https:\/\/api.w.org\/{rel}","templated":true}]}}