{"id":2501,"date":"2019-12-20T16:22:20","date_gmt":"2019-12-20T15:22:20","guid":{"rendered":"https:\/\/asel.hr\/webshop\/?post_type=product&#038;p=2501"},"modified":"2026-04-23T03:55:27","modified_gmt":"2026-04-23T01:55:27","slug":"klima-uredaji-fujiair-yacuza-35kw-grijanje-hladenje-2","status":"publish","type":"product","link":"https:\/\/asel.hr\/webshop\/proizvod\/klima-uredaji-fujiair-yacuza-35kw-grijanje-hladenje-2\/","title":{"rendered":"Klima ure\u0111aji FUJIAIR YACUZA 3,5KW Grijanje\/hla\u0111enje"},"content":{"rendered":"<p>Princip rada:<\/p>\n<p>Kompresori standardnih klima ure\u0111aja rade kontantnom brzinom. Inverterskom tehnologijom brzina rada kompresora prati se elektroni\u010dki te kompresor radi najve\u0107om brzinom ukoliko je velika razlika izme\u0111u vanjske temperature i temperature u prostoriji a najsporije kada su postignuti zadani uvjeti. Svim tim zna\u010dajkama posti\u017eemo zna\u010dajnu u\u0161tedu energije te pove\u0107avamo komfor boravka u tako grijanom-hla\u0111enom prostoru.Inverterski ure\u0111aji kontroliraju brzinu rotiranja kompresora,kako bi se regulirala brzina rotiranja kompresora, snaga se elektroni\u010dki mijenja.<br \/>\nInverterski ure\u0111aji di\u017eu-spu\u0161taju temperaturu prostorije mijenjaju\u0107i brzinu rotiranja kompresora. Nakon postignutih zadanih uvjeta inverterska tehnologija smanjuje brzinu rotiranja kompresora kako bi u\u0161tedjeli energiju te smanjili nagle promjene temperature u prostoriji.<br \/>\nFUJIAIR pionir inverter tehnologije \u2013 nudi visoku efikasnost i vrhunske performanse.<br \/>\nFujiair klima ure\u0111aji tehnolo\u0161ki su napredniji od ostalih proizvo\u0111a\u010da a nadaleko poznati po kvaliteti i pouzdanosti inverter tehnologije.<br \/>\n25% zidnih modela klima ure\u0111aja u svijetu su inverter modeli.<\/p>\n<p>FUJIAIR DC Hybrid Inverter:<\/p>\n<p>FUJIAIR razvio je je DC Hybrid Inverter tehnologiju koja je pro\u0161irila asortiman sa ure\u0111ajima ve\u0107e efikasnosti,pouzdanosti te boljih karakteristika.<br \/>\nDC Hybrid je naj\u0161tedljiviji model na tr\u017ei\u0161tu posebno ako ga uspore\u0111ujemo sa fix-speed sistemom.<br \/>\nFUJIAIR Digital Hybrid Inverter sastoji se od dva pretvara\u010da koji garantiraju maksimalnu u\u0161tedu energije. Inverterski na\u010din rada vrlo brzo posti\u017ee zadanu temperaturu jer na po\u010detku rada kompresor radi maksimalnom snagom (PAM \u2013 pulse amplitude modulation). Nakon \u0161to je postignuta zadana temperatura, brzina rotiranja kompresora regulira se elektroni\u010dki ovisno o potrebama (PWM \u2013 pulse width modulation). Ovaj model rada kompresora \u0161tedi energiju i va\u0161 novac.<br \/>\nUspore\u0111uju\u0107i fix-speed sistemom te FUJIAIR inverter sistem, u\u0161teda energije je 40-50%.<br \/>\nU\u0161teda se posti\u017ee kombinacijom rada DC Twin Rotary kompresora, DC Hybrid Invertera i R-32 plina.<\/p>\n<p>Efikasnost:<br \/>\nVe\u0107ina klima ure\u0111aja na tr\u017ei\u0161tu ima ograni\u010deni raspon brzine rotiranja kompresora. Fujiair kompresori koriste vrhunsku kombinaciju DC Hybrid Inverter i DC Twin Rotary kompresora sa velikim rasponom rotiranja te nemaju skoro nikakvih vibracija ili \u0161umova.<\/p>\n<p>Kompresor PANASONIC-najnovije SUPER INVERT generacije,Energetska klasa A+<br \/>\nVanjska jedinica:ZA\u0160TITA IP24,50Hz,Hla\u0111enje 370W-1570W,Grijanje 410W-1570W,R32,te\u017eina 34kg<br \/>\nUnutranja jedinica:Hla\u0111enje 1800W-4000W,grijanje 1800W-4200W,ulazna snaga 440W-1600W(2.0A-7.2A), Air Flow 550m3\/h,R32,HP.PS 4.2 Mpa,LP PS 1.2MPa, te\u017eina 10kg,buka 40-50dB(A)<br \/>\nZidni inverterski klima ure\u0111aji, jednostavnog i elegantnog dizajna te visoke energetske u\u010dinkovitosti (energetski razred A++) predstavljaju optimalno rje\u0161enje za ugodnu hla\u0111enje i grijanje svakog prostora.<br \/>\nNovu generaciju zidnih klima ure\u0111aja FUJI AIR odlikuje rad u grijanju do vanjske temperature od -15\u00b0C, &#8216;GREENPOWER&#8217; re\u017eim rada za brzo hla\u0111enje i grijanje te posebna funkcija za tihi rad vanjske jedinice.<\/p>\n","protected":false},"excerpt":{"rendered":"<p>Princip rada: Kompresori standardnih klima ure\u0111aja rade kontantnom brzinom. Inverterskom tehnologijom brzina rada kompresora prati se elektroni\u010dki te kompresor radi najve\u0107om brzinom ukoliko je velika razlika izme\u0111u vanjske temperature i temperature u prostoriji a najsporije kada su postignuti zadani uvjeti. Svim tim zna\u010dajkama posti\u017eemo zna\u010dajnu u\u0161tedu energije te pove\u0107avamo komfor boravka u tako grijanom-hla\u0111enom prostoru.Inverterski [&hellip;]<\/p>\n","protected":false},"featured_media":2502,"template":"","meta":{"_links_to":"","_links_to_target":""},"product_cat":[170],"product_tag":[],"_links":{"self":[{"href":"https:\/\/asel.hr\/webshop\/wp-json\/wp\/v2\/product\/2501"}],"collection":[{"href":"https:\/\/asel.hr\/webshop\/wp-json\/wp\/v2\/product"}],"about":[{"href":"https:\/\/asel.hr\/webshop\/wp-json\/wp\/v2\/types\/product"}],"wp:featuredmedia":[{"embeddable":true,"href":"https:\/\/asel.hr\/webshop\/wp-json\/wp\/v2\/media\/2502"}],"wp:attachment":[{"href":"https:\/\/asel.hr\/webshop\/wp-json\/wp\/v2\/media?parent=2501"}],"wp:term":[{"taxonomy":"product_cat","embeddable":true,"href":"https:\/\/asel.hr\/webshop\/wp-json\/wp\/v2\/product_cat?post=2501"},{"taxonomy":"product_tag","embeddable":true,"href":"https:\/\/asel.hr\/webshop\/wp-json\/wp\/v2\/product_tag?post=2501"}],"curies":[{"name":"wp","href":"https:\/\/api.w.org\/{rel}","templated":true}]}}