{"id":1930,"date":"2018-05-28T14:02:14","date_gmt":"2018-05-28T12:02:14","guid":{"rendered":"http:\/\/asel.hr\/webshop\/proizvod\/solarna-baterija-sole-12v-55ah\/"},"modified":"2026-04-18T03:55:27","modified_gmt":"2026-04-18T01:55:27","slug":"solarna-baterija-sole-12v-55ah","status":"publish","type":"product","link":"https:\/\/asel.hr\/webshop\/proizvod\/solarna-baterija-sole-12v-55ah\/","title":{"rendered":"Solarna baterija SOLE 12V 55Ah"},"content":{"rendered":"<p>SOLE 12V <strong>55Ah<\/strong><br \/>\nVijek trajanja: 7-10 godina<br \/>\n&#8211; Sadr\u017ee pozitivne ravne plo\u010de u gustoj mre\u017ei i elektrolit<br \/>\n-Tim smo dobili bolje perfomanse akumulatora kao i produ\u017eeni \u017eivotni vijek akumulatora.<br \/>\n&#8211; Pozitivne plo\u010de oja\u010dane su prevlakom od staklenih vlakana kako bi se pospje\u0161ilo upijanje elektrolita i time pove\u0107ala otpornost na visoke temperature rada i osiguralo kori\u0161tenje akumulutora uz istu snagu sve do potpunog ispra\u017enjenja i ponovnog punjenja.<br \/>\n&#8211; ravne mre\u017ee unutar akumulatora napravljene su od olovne legure sa niskim sadr\u017eajem ostalih metala, proizvedene su lijevanjem u gravitacijske kalupe (prema DIN standardu) \u0161to rezultira smanjenom potro\u0161njom vode.<br \/>\n&#8211; Visoko otporni separatori naponskih \u0107elija na\u010dinjeni su od ekstrudiranog polietilena, nisko poroznog, kako bi se sprije\u010dili unutarnji kratki spojevi u akumulatoru<br \/>\n&#8211; Ku\u0107i\u0161te akumulatora napravaljeno je od poluprozirne plastike, da bi se lak\u0161e mogla pratiti koli\u010dine elektrolita za vrijeme upotrebe i prvog punjenja suhih akumulatora.<\/p>\n<p><strong>KARAKTERISTIKE:<\/strong><br \/>\n&#8211; izvrsna reakcija na prvo punjenje i visoka otpornost na koroziju pozitivne elektrode<br \/>\n&#8211; bolja izvedba zahvaljuju\u0107i optimiziranom dizajnu mre\u017ee unutra\u0161njosti akumulatora<br \/>\n&#8211; niska razina samopra\u017enjenja; uz ispra\u017enjenost od 30% i pod idealnim temperaturnim uvjetima i uvjetima odr\u017eavanja vijek akumulatora dose\u017ee i do 400 punjenja<br \/>\n&#8211; mikroporozna pregrada otporna na eksplozije<\/p>\n<style>\n  .btn {\n    background-color: DodgerBlue;\n    border: none;\n    color: white;\n    cursor: pointer;\n    font-size: 20px;<\/p>\n<p>  }<\/p>\n<p>  \/* Darker background on mouse-over *\/\n  .btn:hover {\n    background-color: RoyalBlue;\n  }<\/p>\n<\/style>\n<p><a href=\"https:\/\/asel.hr\/webshop\/wp-content\/uploads\/2024\/04\/jamstvo%20za%20kiselinske%20solarne%20akumulatore.pdf\"><br \/>\n<button class=\"btn\" ><i class=\"fa fa-download\" style=\"font-size: 25px;\"><\/i> Preuzmi Jamstvene uvjete\u3164<\/button><br \/>\n<\/a><\/p>\n","protected":false},"excerpt":{"rendered":"<p>SOLE 12V 55Ah Vijek trajanja: 7-10 godina &#8211; Sadr\u017ee pozitivne ravne plo\u010de u gustoj mre\u017ei i elektrolit -Tim smo dobili bolje perfomanse akumulatora kao i produ\u017eeni \u017eivotni vijek akumulatora. &#8211; Pozitivne plo\u010de oja\u010dane su prevlakom od staklenih vlakana kako bi se pospje\u0161ilo upijanje elektrolita i time pove\u0107ala otpornost na visoke temperature rada i osiguralo kori\u0161tenje [&hellip;]<\/p>\n","protected":false},"featured_media":42,"template":"","meta":{"_links_to":"","_links_to_target":""},"product_cat":[136],"product_tag":[],"_links":{"self":[{"href":"https:\/\/asel.hr\/webshop\/wp-json\/wp\/v2\/product\/1930"}],"collection":[{"href":"https:\/\/asel.hr\/webshop\/wp-json\/wp\/v2\/product"}],"about":[{"href":"https:\/\/asel.hr\/webshop\/wp-json\/wp\/v2\/types\/product"}],"wp:featuredmedia":[{"embeddable":true,"href":"https:\/\/asel.hr\/webshop\/wp-json\/wp\/v2\/media\/42"}],"wp:attachment":[{"href":"https:\/\/asel.hr\/webshop\/wp-json\/wp\/v2\/media?parent=1930"}],"wp:term":[{"taxonomy":"product_cat","embeddable":true,"href":"https:\/\/asel.hr\/webshop\/wp-json\/wp\/v2\/product_cat?post=1930"},{"taxonomy":"product_tag","embeddable":true,"href":"https:\/\/asel.hr\/webshop\/wp-json\/wp\/v2\/product_tag?post=1930"}],"curies":[{"name":"wp","href":"https:\/\/api.w.org\/{rel}","templated":true}]}}