{"id":1918,"date":"2018-05-28T14:02:14","date_gmt":"2018-05-28T12:02:14","guid":{"rendered":"http:\/\/asel.hr\/webshop\/proizvod\/monokristalni-modul-150w\/"},"modified":"2026-04-19T03:55:20","modified_gmt":"2026-04-19T01:55:20","slug":"monokristalni-modul-150w","status":"publish","type":"product","link":"https:\/\/asel.hr\/webshop\/proizvod\/monokristalni-modul-150w\/","title":{"rendered":"Monokristalni modul 150W"},"content":{"rendered":"<p>-Visoka efikasnost solarnih \u0107elija osigurava visoku u\u010dinkovitost solarnih panela<br \/>\n-najbolje tehnolo\u0161ko rje\u0161enje za fotonaponske \u0107elije<br \/>\n-najve\u0107i prijenos energije sa malom refleksijom stakla<br \/>\n-anti-reflektiraju\u0107i pokrov i visoko prozirno staklo pove\u0107ava izlaznu snagu i mehani\u010dku snagu solarnog modula<br \/>\n-torzijski i korozijski otporna anodizirana rama osigurava dobre perfomanse kroz dugo vrijeme, \u010dak i za krajeve sa vrlo nepovoljnim vremenskim uvjetima<br \/>\n-efikasnost konverzije energije 16,8%<br \/>\n-fotonaponske \u0107elije su za\u0161ti\u0107ene od vremenskih nepogoda kaljenim staklom<br \/>\n-lagana i pripremljena rama za jednostavnu i brzu monta\u017eu<br \/>\n-zatvorena spojna kutija<br \/>\n-okvir osigurava pouzdanu izvedbu, \u010dak i po ote\u017eanim vremenskim uvjetima<br \/>\n-posebno dizajniran da zadovolji zahtjeve klijenta za stambene, komercijalne i industrijske primjene<\/p>\n<p><embed src=\"https:\/\/asel.hr\/webshop\/wp-content\/pdf\/SC_SZ-150-36M_mono_new.pdf\" width=\"800px\" height=\"2100px\" \/><\/p>\n<style>\n  .btn {\n    background-color: DodgerBlue;\n    border: none;\n    color: white;\n    cursor: pointer;\n    font-size: 20px;<\/p>\n<p>  }<\/p>\n<p>  \/* Darker background on mouse-over *\/\n  .btn:hover {\n    background-color: RoyalBlue;\n  }<\/p>\n<\/style>\n<p><a href=\"https:\/\/asel.hr\/webshop\/wp-content\/uploads\/2024\/04\/Jamstvo%20za%20solarne%20module.pdf\"><br \/>\n<button class=\"btn\" ><i class=\"fa fa-download\" style=\"font-size: 25px;\"><\/i> Preuzmi Jamstvene uvjete\u3164<\/button><br \/>\n<\/a><\/p>\n","protected":false},"excerpt":{"rendered":"<p>-Visoka efikasnost solarnih \u0107elija osigurava visoku u\u010dinkovitost solarnih panela -najbolje tehnolo\u0161ko rje\u0161enje za fotonaponske \u0107elije -najve\u0107i prijenos energije sa malom refleksijom stakla -anti-reflektiraju\u0107i pokrov i visoko prozirno staklo pove\u0107ava izlaznu snagu i mehani\u010dku snagu solarnog modula -torzijski i korozijski otporna anodizirana rama osigurava dobre perfomanse kroz dugo vrijeme, \u010dak i za krajeve sa vrlo nepovoljnim [&hellip;]<\/p>\n","protected":false},"featured_media":933,"template":"","meta":{"_links_to":"","_links_to_target":""},"product_cat":[118],"product_tag":[],"_links":{"self":[{"href":"https:\/\/asel.hr\/webshop\/wp-json\/wp\/v2\/product\/1918"}],"collection":[{"href":"https:\/\/asel.hr\/webshop\/wp-json\/wp\/v2\/product"}],"about":[{"href":"https:\/\/asel.hr\/webshop\/wp-json\/wp\/v2\/types\/product"}],"wp:featuredmedia":[{"embeddable":true,"href":"https:\/\/asel.hr\/webshop\/wp-json\/wp\/v2\/media\/933"}],"wp:attachment":[{"href":"https:\/\/asel.hr\/webshop\/wp-json\/wp\/v2\/media?parent=1918"}],"wp:term":[{"taxonomy":"product_cat","embeddable":true,"href":"https:\/\/asel.hr\/webshop\/wp-json\/wp\/v2\/product_cat?post=1918"},{"taxonomy":"product_tag","embeddable":true,"href":"https:\/\/asel.hr\/webshop\/wp-json\/wp\/v2\/product_tag?post=1918"}],"curies":[{"name":"wp","href":"https:\/\/api.w.org\/{rel}","templated":true}]}}