{"id":1793,"date":"2018-05-28T14:01:42","date_gmt":"2018-05-28T12:01:42","guid":{"rendered":"http:\/\/asel.hr\/webshop\/proizvod\/inox-alat-za-spojnice-1-2\/"},"modified":"2026-04-25T03:00:33","modified_gmt":"2026-04-25T01:00:33","slug":"inox-alat-za-spojnice-1-2","status":"publish","type":"product","link":"https:\/\/asel.hr\/webshop\/proizvod\/inox-alat-za-spojnice-1-2\/","title":{"rendered":"Inox alat za spojnice 1\/2&#8243;"},"content":{"rendered":"<p>Inox alat za spojnice slu\u017ei za spajanje inox cijevi sa inox spojnicom,<br \/>\nte ujedno i fino oblikuje krajeve inox cijevi kako nebi bilo o\u0161trih vrhova.<\/p>\n<p>Veli\u010dina: 1\/2&#8243;<\/p>\n","protected":false},"excerpt":{"rendered":"<p>Inox alat za spojnice slu\u017ei za spajanje inox cijevi sa inox spojnicom, te ujedno i fino oblikuje krajeve inox cijevi kako nebi bilo o\u0161trih vrhova. Veli\u010dina: 1\/2&#8243;<\/p>\n","protected":false},"featured_media":129,"template":"","meta":{"_links_to":"","_links_to_target":""},"product_cat":[112],"product_tag":[],"_links":{"self":[{"href":"https:\/\/asel.hr\/webshop\/wp-json\/wp\/v2\/product\/1793"}],"collection":[{"href":"https:\/\/asel.hr\/webshop\/wp-json\/wp\/v2\/product"}],"about":[{"href":"https:\/\/asel.hr\/webshop\/wp-json\/wp\/v2\/types\/product"}],"wp:featuredmedia":[{"embeddable":true,"href":"https:\/\/asel.hr\/webshop\/wp-json\/wp\/v2\/media\/129"}],"wp:attachment":[{"href":"https:\/\/asel.hr\/webshop\/wp-json\/wp\/v2\/media?parent=1793"}],"wp:term":[{"taxonomy":"product_cat","embeddable":true,"href":"https:\/\/asel.hr\/webshop\/wp-json\/wp\/v2\/product_cat?post=1793"},{"taxonomy":"product_tag","embeddable":true,"href":"https:\/\/asel.hr\/webshop\/wp-json\/wp\/v2\/product_tag?post=1793"}],"curies":[{"name":"wp","href":"https:\/\/api.w.org\/{rel}","templated":true}]}}