{"id":1717,"date":"2018-05-28T14:01:24","date_gmt":"2018-05-28T12:01:24","guid":{"rendered":"http:\/\/asel.hr\/webshop\/proizvod\/suvopo-6\/"},"modified":"2026-05-13T03:55:32","modified_gmt":"2026-05-13T01:55:32","slug":"suvopo-6","status":"publish","type":"product","link":"https:\/\/asel.hr\/webshop\/proizvod\/suvopo-6\/","title":{"rendered":"SUVOPO-6"},"content":{"rendered":"<p>URE\u0110AJ ZA SU\u0160ENJE VO\u0106A, POVR\u0106A, GLJIVA I TJESTENINA &#8230;<\/p>\n<p>Ure\u0111aj je specijalno dizajniran za automatsko reguliranje i<br \/>\nvo\u0111enje procesa su\u0161enja vo\u0107a i povr\u0107a, gljiva, tjestenina na<br \/>\nosnovu zadanog programa i mjerenja temperature i vlage u su\u0161nici.<br \/>\nUre\u0111aj kontrolira vlastitu ispravnost i ispravnost svih vitalnih dijelova su\u0161are.<br \/>\nNa detekciju gre\u0161ke alarmira vizualno i akusti\u010dki.<\/p>\n","protected":false},"excerpt":{"rendered":"<p>URE\u0110AJ ZA SU\u0160ENJE VO\u0106A, POVR\u0106A, GLJIVA I TJESTENINA &#8230; Ure\u0111aj je specijalno dizajniran za automatsko reguliranje i vo\u0111enje procesa su\u0161enja vo\u0107a i povr\u0107a, gljiva, tjestenina na osnovu zadanog programa i mjerenja temperature i vlage u su\u0161nici. Ure\u0111aj kontrolira vlastitu ispravnost i ispravnost svih vitalnih dijelova su\u0161are. Na detekciju gre\u0161ke alarmira vizualno i akusti\u010dki.<\/p>\n","protected":false},"featured_media":302,"template":"","meta":{"_links_to":"","_links_to_target":""},"product_cat":[153],"product_tag":[],"_links":{"self":[{"href":"https:\/\/asel.hr\/webshop\/wp-json\/wp\/v2\/product\/1717"}],"collection":[{"href":"https:\/\/asel.hr\/webshop\/wp-json\/wp\/v2\/product"}],"about":[{"href":"https:\/\/asel.hr\/webshop\/wp-json\/wp\/v2\/types\/product"}],"wp:featuredmedia":[{"embeddable":true,"href":"https:\/\/asel.hr\/webshop\/wp-json\/wp\/v2\/media\/302"}],"wp:attachment":[{"href":"https:\/\/asel.hr\/webshop\/wp-json\/wp\/v2\/media?parent=1717"}],"wp:term":[{"taxonomy":"product_cat","embeddable":true,"href":"https:\/\/asel.hr\/webshop\/wp-json\/wp\/v2\/product_cat?post=1717"},{"taxonomy":"product_tag","embeddable":true,"href":"https:\/\/asel.hr\/webshop\/wp-json\/wp\/v2\/product_tag?post=1717"}],"curies":[{"name":"wp","href":"https:\/\/api.w.org\/{rel}","templated":true}]}}