{"id":1715,"date":"2018-05-28T14:01:24","date_gmt":"2018-05-28T12:01:24","guid":{"rendered":"http:\/\/asel.hr\/webshop\/proizvod\/progresivni-termostat-pt-2\/"},"modified":"2026-04-24T03:00:19","modified_gmt":"2026-04-24T01:00:19","slug":"progresivni-termostat-pt-2","status":"publish","type":"product","link":"https:\/\/asel.hr\/webshop\/proizvod\/progresivni-termostat-pt-2\/","title":{"rendered":"Progresivni termostat PT-2"},"content":{"rendered":"<p>Progresivni termostat PT2 sa 3,5m kabla<\/p>\n<p>PT-2 je mikroprocesorski progresivni termostat univerzalne namjene.<br \/>\nNa njega se mogu spojiti dva temperaturna senzora, jedan radni i drugi sigurnosni (protupo\u017earni).<br \/>\nNa osnovi programirane (po\u010detne T1 i krajnje T2) temperature i<br \/>\nzadanog vremena vodi proces su\u0161enja duhana ili neke druge poljoprivredne kulture<\/p>\n<p>Napajanje: 230V\/ 50Hz<br \/>\nIZLAZ 1: max 3A\/250VAC<br \/>\nPotro\u0161nja: max. 2,6VA<br \/>\nMjerno podru\u010dje: 0-99.9\u00b0C (125\u00b0C).<br \/>\nRezolucija mjerenja temp.: 0,1\u00b0<\/p>\n","protected":false},"excerpt":{"rendered":"<p>Progresivni termostat PT2 sa 3,5m kabla PT-2 je mikroprocesorski progresivni termostat univerzalne namjene. Na njega se mogu spojiti dva temperaturna senzora, jedan radni i drugi sigurnosni (protupo\u017earni). Na osnovi programirane (po\u010detne T1 i krajnje T2) temperature i zadanog vremena vodi proces su\u0161enja duhana ili neke druge poljoprivredne kulture Napajanje: 230V\/ 50Hz IZLAZ 1: max 3A\/250VAC [&hellip;]<\/p>\n","protected":false},"featured_media":303,"template":"","meta":{"_links_to":"","_links_to_target":""},"product_cat":[152],"product_tag":[],"_links":{"self":[{"href":"https:\/\/asel.hr\/webshop\/wp-json\/wp\/v2\/product\/1715"}],"collection":[{"href":"https:\/\/asel.hr\/webshop\/wp-json\/wp\/v2\/product"}],"about":[{"href":"https:\/\/asel.hr\/webshop\/wp-json\/wp\/v2\/types\/product"}],"wp:featuredmedia":[{"embeddable":true,"href":"https:\/\/asel.hr\/webshop\/wp-json\/wp\/v2\/media\/303"}],"wp:attachment":[{"href":"https:\/\/asel.hr\/webshop\/wp-json\/wp\/v2\/media?parent=1715"}],"wp:term":[{"taxonomy":"product_cat","embeddable":true,"href":"https:\/\/asel.hr\/webshop\/wp-json\/wp\/v2\/product_cat?post=1715"},{"taxonomy":"product_tag","embeddable":true,"href":"https:\/\/asel.hr\/webshop\/wp-json\/wp\/v2\/product_tag?post=1715"}],"curies":[{"name":"wp","href":"https:\/\/api.w.org\/{rel}","templated":true}]}}