{"id":1714,"date":"2018-05-28T14:01:24","date_gmt":"2018-05-28T12:01:24","guid":{"rendered":"http:\/\/asel.hr\/webshop\/proizvod\/digitalni-termostat-tds-2-3m\/"},"modified":"2026-04-18T03:55:21","modified_gmt":"2026-04-18T01:55:21","slug":"digitalni-termostat-tds-2-3m","status":"publish","type":"product","link":"https:\/\/asel.hr\/webshop\/proizvod\/digitalni-termostat-tds-2-3m\/","title":{"rendered":"Digitalni termostat TDS-2 (3m)"},"content":{"rendered":"<p>Digitalni termostat TDS-2 + senzor sa 3,5m kabela<\/p>\n<p>TDS-2 je mikroprocesorski termostat sa digitalnim mjerenjem temperature od 0-99,9\u00b0C.<br \/>\nIako je univerzalne namjene, posebno je prilago\u0111en vo\u0111enju procesa su\u0161enja duhana.<br \/>\nNa njega se mogu spojiti dva temperaturna senzora, jedan radni i drugi sigurnosni.<br \/>\nNa osnovi mjerene i programirane (zadane) temperature vodi proces su\u0161enja duhana ili neke druge poljoprivredne kulture<\/p>\n<p>Napajanje: 230V\/ 50Hz<br \/>\nIZLAZ 1: max 3A\/250VAC<br \/>\nPotro\u0161nja: max. 2,6VA<br \/>\nMjerno podru\u010dje: 0-99.9\u00b0C (125\u00b0C).<br \/>\nRezolucija mjerenja temp.: 0,1\u00b0<\/p>\n","protected":false},"excerpt":{"rendered":"<p>Digitalni termostat TDS-2 + senzor sa 3,5m kabela TDS-2 je mikroprocesorski termostat sa digitalnim mjerenjem temperature od 0-99,9\u00b0C. Iako je univerzalne namjene, posebno je prilago\u0111en vo\u0111enju procesa su\u0161enja duhana. Na njega se mogu spojiti dva temperaturna senzora, jedan radni i drugi sigurnosni. Na osnovi mjerene i programirane (zadane) temperature vodi proces su\u0161enja duhana ili neke [&hellip;]<\/p>\n","protected":false},"featured_media":304,"template":"","meta":{"_links_to":"","_links_to_target":""},"product_cat":[152],"product_tag":[],"_links":{"self":[{"href":"https:\/\/asel.hr\/webshop\/wp-json\/wp\/v2\/product\/1714"}],"collection":[{"href":"https:\/\/asel.hr\/webshop\/wp-json\/wp\/v2\/product"}],"about":[{"href":"https:\/\/asel.hr\/webshop\/wp-json\/wp\/v2\/types\/product"}],"wp:featuredmedia":[{"embeddable":true,"href":"https:\/\/asel.hr\/webshop\/wp-json\/wp\/v2\/media\/304"}],"wp:attachment":[{"href":"https:\/\/asel.hr\/webshop\/wp-json\/wp\/v2\/media?parent=1714"}],"wp:term":[{"taxonomy":"product_cat","embeddable":true,"href":"https:\/\/asel.hr\/webshop\/wp-json\/wp\/v2\/product_cat?post=1714"},{"taxonomy":"product_tag","embeddable":true,"href":"https:\/\/asel.hr\/webshop\/wp-json\/wp\/v2\/product_tag?post=1714"}],"curies":[{"name":"wp","href":"https:\/\/api.w.org\/{rel}","templated":true}]}}