{"id":1639,"date":"2018-05-28T14:01:11","date_gmt":"2018-05-28T12:01:11","guid":{"rendered":"http:\/\/asel.hr\/webshop\/proizvod\/kabelske-cijevcice-za-zice-en2508\/"},"modified":"2026-05-03T03:55:19","modified_gmt":"2026-05-03T01:55:19","slug":"kabelske-cijevcice-za-zice-en2508","status":"publish","type":"product","link":"https:\/\/asel.hr\/webshop\/proizvod\/kabelske-cijevcice-za-zice-en2508\/","title":{"rendered":"Kabelske cijev\u010dice za \u017eice EN2508"},"content":{"rendered":"<p>Kabelske cijev\u010dice za \u017eice EN2508 2.5mm 8mm<\/p>\n","protected":false},"excerpt":{"rendered":"<p>Kabelske cijev\u010dice za \u017eice EN2508 2.5mm 8mm<\/p>\n","protected":false},"featured_media":412,"template":"","meta":{"_links_to":"","_links_to_target":""},"product_cat":[142],"product_tag":[],"_links":{"self":[{"href":"https:\/\/asel.hr\/webshop\/wp-json\/wp\/v2\/product\/1639"}],"collection":[{"href":"https:\/\/asel.hr\/webshop\/wp-json\/wp\/v2\/product"}],"about":[{"href":"https:\/\/asel.hr\/webshop\/wp-json\/wp\/v2\/types\/product"}],"wp:featuredmedia":[{"embeddable":true,"href":"https:\/\/asel.hr\/webshop\/wp-json\/wp\/v2\/media\/412"}],"wp:attachment":[{"href":"https:\/\/asel.hr\/webshop\/wp-json\/wp\/v2\/media?parent=1639"}],"wp:term":[{"taxonomy":"product_cat","embeddable":true,"href":"https:\/\/asel.hr\/webshop\/wp-json\/wp\/v2\/product_cat?post=1639"},{"taxonomy":"product_tag","embeddable":true,"href":"https:\/\/asel.hr\/webshop\/wp-json\/wp\/v2\/product_tag?post=1639"}],"curies":[{"name":"wp","href":"https:\/\/api.w.org\/{rel}","templated":true}]}}