{"id":920,"date":"2015-11-13T10:25:04","date_gmt":"2015-11-13T10:25:04","guid":{"rendered":"http:\/\/www.asel.hr\/?page_id=920"},"modified":"2018-07-04T07:18:27","modified_gmt":"2018-07-04T07:18:27","slug":"hibridni-tlacni-kolektori","status":"publish","type":"page","link":"https:\/\/asel.hr\/?page_id=920","title":{"rendered":"HIBRIDNI TLA\u010cNI KOLEKTORI"},"content":{"rendered":"<h1>HIBRIDNI TLA\u010cNI KOLEKTORI<\/h1>\n<p>&nbsp;<br \/>\n&nbsp;<br \/>\n<center><br \/>\nTla\u010dni spremnik radi na principu protoka vode pod visokim pritiskom.<br \/>\nPritisak ulaza javnog vodovoda jednak je izlazu na slavinama<br \/>\nte nije potrebno solarni kolektor sa integriranim<br \/>\nspremnikom podignuti na uzvi\u0161eno mjesto<br \/>\nSpremnik je uvijek pun vode.<br \/>\n&nbsp;<br \/>\n&nbsp;<br \/>\n<img decoding=\"async\" loading=\"lazy\" src=\"http:\/\/www.asel.hr\/wp-content\/uploads\/2015\/11\/itnspajanje-e1447410349386.png\" alt=\"itnspajanje\" width=\"777\" height=\"415\" class=\"alignnone size-full wp-image-915\" \/><br \/>\nShema spajanje tla\u010dnog solarnog spremnika<br \/>\n&nbsp;<br \/>\n&nbsp;<br \/>\n&nbsp;<br \/>\n<img decoding=\"async\" loading=\"lazy\" src=\"http:\/\/www.asel.hr\/wp-content\/uploads\/2015\/11\/itn250shema-e1447410364893.png\" alt=\"itn250shema\" width=\"777\" height=\"199\" class=\"alignnone size-full wp-image-916\" \/><br \/>\nShema solarnog kolektora ITN250<br \/>\n&nbsp;<br \/>\n<img decoding=\"async\" loading=\"lazy\" class=\"alignnone size-full wp-image-917\" src=\"http:\/\/www.asel.hr\/wp-content\/uploads\/2015\/11\/itnspr.jpg\" alt=\"itnspr\" width=\"611\" height=\"410\" srcset=\"https:\/\/asel.hr\/wp-content\/uploads\/2015\/11\/itnspr.jpg 611w, https:\/\/asel.hr\/wp-content\/uploads\/2015\/11\/itnspr-300x201.jpg 300w\" sizes=\"(max-width: 611px) 100vw, 611px\" \/><br \/>\nSlika vanjskog i unutarnjeg spremnika ITN kolektora<br \/>\n<img decoding=\"async\" loading=\"lazy\" class=\"alignnone size-full wp-image-914\" src=\"http:\/\/www.asel.hr\/wp-content\/uploads\/2015\/11\/itncijevi.jpg\" alt=\"itncijevi\" width=\"609\" height=\"436\" srcset=\"https:\/\/asel.hr\/wp-content\/uploads\/2015\/11\/itncijevi.jpg 609w, https:\/\/asel.hr\/wp-content\/uploads\/2015\/11\/itncijevi-300x215.jpg 300w\" sizes=\"(max-width: 609px) 100vw, 609px\" \/><br \/>\nSlika vakuumskih cijevi i konstrukcije za ITN kolektora<\/p>\n<table border=\"1\" width=\"528\" align=\"center\" bgcolor=\"#7B060A\">\n<tbody>\n<tr bgcolor=\"#990000\">\n<td width=\"437\" height=\"28\">\n<div align=\"center\"><span style=\"color: #ffffff;\">NAZIV PROIZVODA<\/span><\/div>\n<\/td>\n<\/tr>\n<tr bgcolor=\"#FFFFCC\">\n<td><strong><em>ITN 200 18 58 25 GR<\/em><\/strong><em><br \/>\n&#8211; Integrirani ne-tla\u010dni 200 litara sol.bojler sa dodatnim tla\u010dnim (8 bara) izmjenjiva\u010dem.<br \/>\n&#8211; Upojna povr\u0161ina sun\u010devog zra\u010denja 1,86 m2<br \/>\n&#8211; 20 komada grija\u010dih cijevi promjera 58mm du\u017eine 1,8 metar<\/em><\/td>\n<\/tr>\n<tr bgcolor=\"#FFFFCC\">\n<td><strong><em>ITN 250 18 58 25 GR<\/em><\/strong><em><br \/>\n&#8211; Integrirani ne-tla\u010dni 250 litara sol.bojler sa dodatnim tla\u010dnim (8 bara) izmjenjiva\u010dem.<br \/>\n&#8211; Upojna povr\u0161ina sun\u010devog zra\u010denja 2,0 m2<br \/>\n&#8211; 25 komada grija\u010dih cijevi promjera 58mm du\u017eine 1,8 metar<\/em><\/td>\n<\/tr>\n<tr bgcolor=\"#FFFFCC\">\n<td><strong><em>ITN 300 18 58 25 GR<\/em><\/strong><em><br \/>\n&#8211; Integrirani ne-tla\u010dni 300 litara sol.bojler sa dodatnim tla\u010dnim (8 bara) izmjenjiva\u010dem.<br \/>\n&#8211; Upojna povr\u0161ina sun\u010devog zra\u010denja 3,654 m2<br \/>\n&#8211; 30 komada grija\u010dih cijevi promjera 58mm du\u017eine 1,8 metar<\/em><\/td>\n<\/tr>\n<\/tbody>\n<\/table>\n<p><\/center><br \/>\n&nbsp;<br \/>\n<center><font size=\"3\">Detaljnije o ponudama i cijenama posjetite na\u0161u internet trgovinu na ovom <a href=\"http:\/\/asel.hr\/webshop\/\">linku<\/a><\/font><\/center><br \/>\n&nbsp;<\/p>\n","protected":false},"excerpt":{"rendered":"<p>HIBRIDNI TLA\u010cNI KOLEKTORI &nbsp; &nbsp; Tla\u010dni spremnik radi na principu protoka vode pod visokim pritiskom. Pritisak ulaza javnog vodovoda jednak je izlazu na slavinama te nije potrebno solarni kolektor sa integriranim spremnikom podignuti na uzvi\u0161eno mjesto Spremnik je uvijek pun vode. &nbsp; &nbsp; Shema spajanje tla\u010dnog solarnog spremnika &nbsp; &nbsp; &nbsp; Shema solarnog kolektora ITN250 [&hellip;]<\/p>\n","protected":false},"author":1,"featured_media":0,"parent":0,"menu_order":0,"comment_status":"closed","ping_status":"closed","template":"","meta":[],"_links":{"self":[{"href":"https:\/\/asel.hr\/index.php?rest_route=\/wp\/v2\/pages\/920"}],"collection":[{"href":"https:\/\/asel.hr\/index.php?rest_route=\/wp\/v2\/pages"}],"about":[{"href":"https:\/\/asel.hr\/index.php?rest_route=\/wp\/v2\/types\/page"}],"author":[{"embeddable":true,"href":"https:\/\/asel.hr\/index.php?rest_route=\/wp\/v2\/users\/1"}],"replies":[{"embeddable":true,"href":"https:\/\/asel.hr\/index.php?rest_route=%2Fwp%2Fv2%2Fcomments&post=920"}],"version-history":[{"count":10,"href":"https:\/\/asel.hr\/index.php?rest_route=\/wp\/v2\/pages\/920\/revisions"}],"predecessor-version":[{"id":1495,"href":"https:\/\/asel.hr\/index.php?rest_route=\/wp\/v2\/pages\/920\/revisions\/1495"}],"wp:attachment":[{"href":"https:\/\/asel.hr\/index.php?rest_route=%2Fwp%2Fv2%2Fmedia&parent=920"}],"curies":[{"name":"wp","href":"https:\/\/api.w.org\/{rel}","templated":true}]}}

HIBRIDNI TLAČNI KOLEKTORI

<h1>HIBRIDNI TLAČNI KOLEKTORI</h1>
<p>&nbsp;<br />
&nbsp;<br />
<center><br />
Tlačni spremnik radi na principu protoka vode pod visokim pritiskom.<br />
Pritisak ulaza javnog vodovoda jednak je izlazu na slavinama<br />
te nije potrebno solarni kolektor sa integriranim<br />
spremnikom podignuti na uzvišeno mjesto<br />
Spremnik je uvijek pun vode.<br />
&nbsp;<br />
&nbsp;<br />
<img decoding="async" loading="lazy" src="http://www.asel.hr/wp-content/uploads/2015/11/itnspajanje-e1447410349386.png" alt="itnspajanje" width="777" height="415" class="alignnone size-full wp-image-915" /><br />
Shema spajanje tlačnog solarnog spremnika<br />
&nbsp;<br />
&nbsp;<br />
&nbsp;<br />
<img decoding="async" loading="lazy" src="http://www.asel.hr/wp-content/uploads/2015/11/itn250shema-e1447410364893.png" alt="itn250shema" width="777" height="199" class="alignnone size-full wp-image-916" /><br />
Shema solarnog kolektora ITN250<br />
&nbsp;<br />
<img decoding="async" loading="lazy" class="alignnone size-full wp-image-917" src="http://www.asel.hr/wp-content/uploads/2015/11/itnspr.jpg" alt="itnspr" width="611" height="410" srcset="https://asel.hr/wp-content/uploads/2015/11/itnspr.jpg 611w, https://asel.hr/wp-content/uploads/2015/11/itnspr-300x201.jpg 300w" sizes="(max-width: 611px) 100vw, 611px" /><br />
Slika vanjskog i unutarnjeg spremnika ITN kolektora<br />
<img decoding="async" loading="lazy" class="alignnone size-full wp-image-914" src="http://www.asel.hr/wp-content/uploads/2015/11/itncijevi.jpg" alt="itncijevi" width="609" height="436" srcset="https://asel.hr/wp-content/uploads/2015/11/itncijevi.jpg 609w, https://asel.hr/wp-content/uploads/2015/11/itncijevi-300x215.jpg 300w" sizes="(max-width: 609px) 100vw, 609px" /><br />
Slika vakuumskih cijevi i konstrukcije za ITN kolektora</p>
<table border="1" width="528" align="center" bgcolor="#7B060A">
<tbody>
<tr bgcolor="#990000">
<td width="437" height="28">
<div align="center"><span style="color: #ffffff;">NAZIV PROIZVODA</span></div>
</td>
</tr>
<tr bgcolor="#FFFFCC">
<td><strong><em>ITN 200 18 58 25 GR</em></strong><em><br />
&#8211; Integrirani ne-tlačni 200 litara sol.bojler sa dodatnim tlačnim (8 bara) izmjenjivačem.<br />
&#8211; Upojna površina sunčevog zračenja 1,86 m2<br />
&#8211; 20 komada grijačih cijevi promjera 58mm dužine 1,8 metar</em></td>
</tr>
<tr bgcolor="#FFFFCC">
<td><strong><em>ITN 250 18 58 25 GR</em></strong><em><br />
&#8211; Integrirani ne-tlačni 250 litara sol.bojler sa dodatnim tlačnim (8 bara) izmjenjivačem.<br />
&#8211; Upojna površina sunčevog zračenja 2,0 m2<br />
&#8211; 25 komada grijačih cijevi promjera 58mm dužine 1,8 metar</em></td>
</tr>
<tr bgcolor="#FFFFCC">
<td><strong><em>ITN 300 18 58 25 GR</em></strong><em><br />
&#8211; Integrirani ne-tlačni 300 litara sol.bojler sa dodatnim tlačnim (8 bara) izmjenjivačem.<br />
&#8211; Upojna površina sunčevog zračenja 3,654 m2<br />
&#8211; 30 komada grijačih cijevi promjera 58mm dužine 1,8 metar</em></td>
</tr>
</tbody>
</table>
<p></center><br />
&nbsp;<br />
<center><font size="3">Detaljnije o ponudama i cijenama posjetite našu internet trgovinu na ovom <a href="http://asel.hr/webshop/">linku</a></font></center><br />
&nbsp;</p>

<p>HIBRIDNI TLAČNI KOLEKTORI &nbsp; &nbsp; Tlačni spremnik radi na principu protoka vode pod visokim pritiskom. Pritisak ulaza javnog vodovoda jednak je izlazu na slavinama te nije potrebno solarni kolektor sa integriranim spremnikom podignuti na uzvišeno mjesto Spremnik je uvijek pun vode. &nbsp; &nbsp; Shema spajanje tlačnog solarnog spremnika &nbsp; &nbsp; &nbsp; Shema solarnog kolektora ITN250 [&hellip;]</p>
