{"id":905,"date":"2015-11-13T09:58:30","date_gmt":"2015-11-13T09:58:30","guid":{"rendered":"http:\/\/www.asel.hr\/?page_id=905"},"modified":"2018-07-04T07:17:20","modified_gmt":"2018-07-04T07:17:20","slug":"solarni-tlacni-kolektori","status":"publish","type":"page","link":"https:\/\/asel.hr\/?page_id=905","title":{"rendered":"SOLARNI TLA\u010cNI KOLEKTORI"},"content":{"rendered":"<h1>SOLARNI TLA\u010cNI KOLEKTORI<\/h1>\n<p>&nbsp;<\/p>\n<p><center><img decoding=\"async\" loading=\"lazy\" class=\"size-full wp-image-790 aligncenter\" src=\"http:\/\/www.asel.hr\/wp-content\/uploads\/2015\/11\/solarni-kolektor-split.jpg\" alt=\"solarni kolektor split\" width=\"477\" height=\"310\" srcset=\"https:\/\/asel.hr\/wp-content\/uploads\/2015\/11\/solarni-kolektor-split.jpg 477w, https:\/\/asel.hr\/wp-content\/uploads\/2015\/11\/solarni-kolektor-split-300x195.jpg 300w\" sizes=\"(max-width: 477px) 100vw, 477px\" \/><\/p>\n<p>U vakuumskim grija\u010dim cijevima nalazi se &#8220;Heat pipe&#8221; &#8211; bakrena cijev napunjena sa brzo isparavaju\u0107om teku\u0107inom . Vakuumska grija\u010da cijev (kolektor) mo\u017ee zagrijati bakrenu grija\u010du glavu do 240\u00b0C. Nova tehnologija &#8220;Heat pipe&#8221; visoko efikasne grija\u010de cijevi absorbiraju sun\u010devu energiju i prenose toplinu vi\u0161e od 92% te br\u017ee zagrijavaju vodu nego kod klasi\u010dnih ne-tla\u010dnih vakuumskih grija\u010dih cijevi. Prednost je \u0161to nema vode u vakuumskim grija\u010dim cijevima te radi \u010dak i u slu\u010daju da je neka od grija\u010dih cijevi razbijena te ne mo\u017ee do\u0107i do smrzavanja u grija\u010dim cijevima.<\/p>\n<p><a href=\"http:\/\/www.asel.hr\/wp-content\/uploads\/2015\/11\/heat-pipe.jpg\"><img decoding=\"async\" loading=\"lazy\" class=\"alignnone size-full wp-image-807\" src=\"http:\/\/www.asel.hr\/wp-content\/uploads\/2015\/11\/heat-pipe.jpg\" alt=\"heat pipe\" width=\"300\" height=\"177\" \/><\/a><\/p>\n<p>Solarni kolektori su namijenjeni pretvorbi besplatne i beskona\u010dne sun\u010deve energije u toplu vodu<br \/>\n-najve\u0107i prijenos energije sa malom refleksijom stakla. Efikasnost konverzije energije do 94%<br \/>\n-anti-reflektiraju\u0107i pokrov i visoko prozirno staklo, te nova molekularna nanotehnologija, sjajno podi\u017ee absorpciju topline za 20%.Absorbira toplinu \u010dak i po obla\u010dnom vremenu. Odli\u010dna toplinska izolacija sabirne cijevi<br \/>\n-torzijski i korozijski otporna anodizirana rama osigurava dobre perfomanse kroz dugo vrijeme, \u010dak i za krajeve sa vrlo nepovoljnim vremenskim uvjetima<br \/>\n-grija\u0107e cijevi su za\u0161ti\u0107ene od vremenskih nepogoda kaljenim staklom,a izra\u0111ene su od visoko-borsilikatnog stakla 3.3 s niskim stupnjem termalne ekspanzije. Otporno na tu\u010du do 25mm. 3-layer vakumske cijevi.<br \/>\n-lagana i pripremljena rama za jednostavnu i brzu monta\u017eu<br \/>\n-bakreni priklju\u010dak fi22 (za tla\u010dne kolektore), -inox priklju\u010dak vanjski navoj 1&#8243; (za netla\u010dne kolektore)<br \/>\n-izvana rostfraj lim debljine 0,7mm, okvir rostfraj 1,2mm<br \/>\n-vanjska veli\u010dina sabirnice: 140x130mm za tla\u010dne kolektore ; fi170mm za ne-tla\u010dne kolektore<br \/>\nZa kolektore je potreban nazivni protok od 0,4l\/minuti po m2 povr\u0161ine kolektora, kako bi se postigao optimalan prijelaz topline. Potrebno je pravilno dimenzioniranje crpke. Kod spajanja u seriju, temperaturnu sondu obavezno montirati na izlazu tople vode zadnjeg kolektora u nizu. Na tla\u010dnim kolektorima, s jedne strane uz bakrenu sabirnicu postoji \u010dahura za temp.senzor.<br \/>\nPreporu\u010da se upotreba bakrenih cijevi, a mogu i plasti\u010dne sa ugra\u0111enom aluminijskom folijom (za netla\u010dne sustave). U slu\u010daju brzog \u201ejedenja\u201c bakrenih cijevi zbog kemijskog djelovanja teku\u0107ine, induciranih lutaju\u0107ih struja,&#8230; potrebno je koristiti oblo\u017eene cijevi, katodnu ili anodnu za\u0161titu cijevi, &#8230;<br \/>\n<\/center><\/p>\n<table border=\"1\" width=\"516\" align=\"center\" bgcolor=\"#7B060A\">\n<tbody>\n<tr bgcolor=\"#990000\">\n<td height=\"28\">\n<div align=\"center\"><span style=\"color: #ffffff;\">Naziv proizvoda<\/span><\/div>\n<\/td>\n<\/tr>\n<tr bgcolor=\"#FEEDC7\">\n<td width=\"415\">\n<div align=\"center\"><strong><br \/>\n<\/strong><\/div>\n<\/td>\n<\/tr>\n<tr bgcolor=\"#FFFFCC\">\n<td><strong><em> KH100 18 58 15 R <\/em><\/strong><br \/>\n&#8211; <em>Vakuumski cijevni &#8220;Heat pipe&#8221; tla\u010dni kolektor sa 10 cijevi<br \/>\n&#8211; upojna povr\u0161ina sun\u010devog zra\u010denja 0,803m2 (za 100L spremnike)<br \/>\n&#8211; promjer solarnih cijevi 58mm. du\u017eina 1,8m<br \/>\n&#8211; snaga 1080W<br \/>\n<\/em>KH100 &#8211; zadnje noge (monta\u017ea za ravni krov)<\/td>\n<\/tr>\n<tr bgcolor=\"#FFFFCC\">\n<td><strong><em> KH150 18 58 15 R <\/em><\/strong><br \/>\n&#8211; <em>Vakuumski cijevni &#8220;Heat pipe&#8221; tla\u010dni kolektor sa 15 cijevi<br \/>\n&#8211; upojna povr\u0161ina sun\u010devog zra\u010denja 1,205m2 (za 150L spremnike)<br \/>\n&#8211; promjer solarnih cijevi 58mm. du\u017eina 1,8m<br \/>\n&#8211; snaga 1620W<br \/>\n<\/em>KH150 &#8211; zadnje noge (monta\u017ea za ravni krov)<\/td>\n<\/tr>\n<tr bgcolor=\"#FFFFCC\">\n<td><strong><em>KH200 18 58 20 R <\/em><\/strong><br \/>\n&#8211; <em>Vakuumski cijevni &#8220;Heat pipe&#8221; tla\u010dni kolektor sa 20 cijevi<br \/>\n&#8211; upojna povr\u0161ina sun\u010devog zra\u010denja 2,88m2 (za 200L spremnike)<br \/>\n&#8211; promjer solarnih cijevi 58mm. du\u017eina 1,8m <\/em><br \/>\n<em><em><em>&#8211; te\u017eina 66kg<\/em><\/em><\/em><br \/>\n<em>&#8211; Dimenzije cca. 2&#215;1,65m<br \/>\n&#8211; snaga 2160W<br \/>\n<\/em><a href=\"http:\/\/www.asel.hr\/wp-content\/uploads\/2015\/11\/DSC00039-e1447408564349.jpg\">(slika konstrukcije&#8230;)<\/a>KH200 &#8211; zadnje noge (monta\u017ea za ravni krov)<\/td>\n<\/tr>\n<tr bgcolor=\"#FFFFCC\">\n<td><strong><em>KH300 18 58 30 R <\/em><\/strong><em><br \/>\n&#8211; <em>Vakuumski cijevni &#8220;Heat pipe&#8221; tla\u010dni kolektor sa 30 cijevi<br \/>\n&#8211; upojna povr\u0161ina sun\u010devog zra\u010denja 4,32m2 (za 300L spremnike)<br \/>\n&#8211; promjer solarnih cijevi 58mm. du\u017eina 1,8m <\/em><\/em><br \/>\n<em><em><em>&#8211; te\u017eina 99kg<\/em><\/em><\/em><br \/>\n<em>&#8211; Dimenzije cca. 2&#215;2,45m<\/em><br \/>\n&#8211; <em>snaga 3240W<\/em><em>KH300 &#8211; zadnje noge (monta\u017ea za ravni krov)<\/em><\/td>\n<\/tr>\n<\/tbody>\n<\/table>\n<p>&nbsp;<br \/>\n<center><font size=\"3\">Detaljnije o ponudama i cijenama posjetite na\u0161u internet trgovinu na ovom <a href=\"http:\/\/asel.hr\/webshop\/\">linku<\/a><\/font><\/center><br \/>\n&nbsp;<\/p>\n","protected":false},"excerpt":{"rendered":"<p>SOLARNI TLA\u010cNI KOLEKTORI &nbsp; U vakuumskim grija\u010dim cijevima nalazi se &#8220;Heat pipe&#8221; &#8211; bakrena cijev napunjena sa brzo isparavaju\u0107om teku\u0107inom . Vakuumska grija\u010da cijev (kolektor) mo\u017ee zagrijati bakrenu grija\u010du glavu do 240\u00b0C. Nova tehnologija &#8220;Heat pipe&#8221; visoko efikasne grija\u010de cijevi absorbiraju sun\u010devu energiju i prenose toplinu vi\u0161e od 92% te br\u017ee zagrijavaju vodu nego kod [&hellip;]<\/p>\n","protected":false},"author":1,"featured_media":0,"parent":0,"menu_order":0,"comment_status":"closed","ping_status":"closed","template":"","meta":[],"_links":{"self":[{"href":"https:\/\/asel.hr\/index.php?rest_route=\/wp\/v2\/pages\/905"}],"collection":[{"href":"https:\/\/asel.hr\/index.php?rest_route=\/wp\/v2\/pages"}],"about":[{"href":"https:\/\/asel.hr\/index.php?rest_route=\/wp\/v2\/types\/page"}],"author":[{"embeddable":true,"href":"https:\/\/asel.hr\/index.php?rest_route=\/wp\/v2\/users\/1"}],"replies":[{"embeddable":true,"href":"https:\/\/asel.hr\/index.php?rest_route=%2Fwp%2Fv2%2Fcomments&post=905"}],"version-history":[{"count":6,"href":"https:\/\/asel.hr\/index.php?rest_route=\/wp\/v2\/pages\/905\/revisions"}],"predecessor-version":[{"id":1491,"href":"https:\/\/asel.hr\/index.php?rest_route=\/wp\/v2\/pages\/905\/revisions\/1491"}],"wp:attachment":[{"href":"https:\/\/asel.hr\/index.php?rest_route=%2Fwp%2Fv2%2Fmedia&parent=905"}],"curies":[{"name":"wp","href":"https:\/\/api.w.org\/{rel}","templated":true}]}}