{"id":734,"date":"2015-11-11T07:07:49","date_gmt":"2015-11-11T07:07:49","guid":{"rendered":"http:\/\/www.asel.hr\/?page_id=734"},"modified":"2017-04-07T06:32:49","modified_gmt":"2017-04-07T06:32:49","slug":"fotonaponski-sustavi","status":"publish","type":"page","link":"https:\/\/asel.hr\/?page_id=734","title":{"rendered":"FOTONAPONSKI SUSTAVI"},"content":{"rendered":"<h1>FOTONAPONSKI SUSTAVI<\/h1>\n<p>&nbsp;<br \/>\n&nbsp;<br \/>\n<img decoding=\"async\" loading=\"lazy\" class=\"size-full wp-image-735 aligncenter\" src=\"http:\/\/www.asel.hr\/wp-content\/uploads\/2015\/11\/offgrid.jpg\" alt=\"offgrid\" width=\"777\" height=\"445\" srcset=\"https:\/\/asel.hr\/wp-content\/uploads\/2015\/11\/offgrid.jpg 777w, https:\/\/asel.hr\/wp-content\/uploads\/2015\/11\/offgrid-300x172.jpg 300w\" sizes=\"(max-width: 777px) 100vw, 777px\" \/><\/p>\n<ol>\n<li>1. Solarni paneli (<a href=\"http:\/\/www.asel.hr\/?p=736\">vi\u0161e<\/a>)<\/li>\n<li>2. Inverter + regulator (<a href=\"http:\/\/www.asel.hr\/?p=767\">vi\u0161e<\/a>)<\/li>\n<li>3. Baterije (<a href=\"http:\/\/www.asel.hr\/?p=760\">vi\u0161e<\/a>)<\/li>\n<li>4. Pomo\u0107ni generator (nije uvijet)<\/li>\n<li>5. Distributer elektri\u010dne energije<\/li>\n<li>6. Ku\u0107na elektri\u010dna instalacija<\/li>\n<\/ol>\n<p>&nbsp;<br \/>\n<center><font size=\"3\">Detaljnije o ponudama i cijenama posjetite na\u0161u internet trgovinu na ovom <a href=\"http:\/\/asel.hr\/woocommerce\/\">linku<\/a><\/font><\/center><br \/>\n&nbsp;<\/p>\n","protected":false},"excerpt":{"rendered":"<p>FOTONAPONSKI SUSTAVI &nbsp; &nbsp; 1. Solarni paneli (vi\u0161e) 2. Inverter + regulator (vi\u0161e) 3. Baterije (vi\u0161e) 4. Pomo\u0107ni generator (nije uvijet) 5. Distributer elektri\u010dne energije 6. Ku\u0107na elektri\u010dna instalacija &nbsp; Detaljnije o ponudama i cijenama posjetite na\u0161u internet trgovinu na ovom linku &nbsp;<\/p>\n","protected":false},"author":1,"featured_media":0,"parent":0,"menu_order":0,"comment_status":"closed","ping_status":"closed","template":"","meta":[],"_links":{"self":[{"href":"https:\/\/asel.hr\/index.php?rest_route=\/wp\/v2\/pages\/734"}],"collection":[{"href":"https:\/\/asel.hr\/index.php?rest_route=\/wp\/v2\/pages"}],"about":[{"href":"https:\/\/asel.hr\/index.php?rest_route=\/wp\/v2\/types\/page"}],"author":[{"embeddable":true,"href":"https:\/\/asel.hr\/index.php?rest_route=\/wp\/v2\/users\/1"}],"replies":[{"embeddable":true,"href":"https:\/\/asel.hr\/index.php?rest_route=%2Fwp%2Fv2%2Fcomments&post=734"}],"version-history":[{"count":7,"href":"https:\/\/asel.hr\/index.php?rest_route=\/wp\/v2\/pages\/734\/revisions"}],"predecessor-version":[{"id":1325,"href":"https:\/\/asel.hr\/index.php?rest_route=\/wp\/v2\/pages\/734\/revisions\/1325"}],"wp:attachment":[{"href":"https:\/\/asel.hr\/index.php?rest_route=%2Fwp%2Fv2%2Fmedia&parent=734"}],"curies":[{"name":"wp","href":"https:\/\/api.w.org\/{rel}","templated":true}]}}