{"id":1503,"date":"2018-07-18T09:32:44","date_gmt":"2018-07-18T09:32:44","guid":{"rendered":"http:\/\/asel.hr\/?page_id=1503"},"modified":"2018-07-18T09:33:23","modified_gmt":"2018-07-18T09:33:23","slug":"1503-2","status":"publish","type":"page","link":"https:\/\/asel.hr\/?page_id=1503","title":{"rendered":""},"content":{"rendered":"<p><img decoding=\"async\" loading=\"lazy\" class=\"alignnone size-full wp-image-1504\" src=\"http:\/\/asel.hr\/wp-content\/uploads\/2018\/07\/sdsd-e1531906285362.jpg\" alt=\"sdsd\" width=\"800\" height=\"113\" \/><\/p>\n<p>Naziv projekta: Modernizacija obrta Asel<\/p>\n<p>Naziv korisnika: ASEL, obrt za proizvodnju i usluge, vl.Antun Srbi\u0107, Baki\u0107, B.Radi\u0107 br.33<\/p>\n<p>Ukupna vrijednost projekta: 544.143,40 HRK<\/p>\n<p>EU sufinanciranje projekta: 263.542,69 HRK<\/p>\n<p>Razdoblje provedbe projekta: od 01.11.2017. do 01.05.2018<\/p>\n<p>&nbsp;<\/p>\n<p style=\"text-align: center;\"><strong>Nabava stroja sufinancirana je sredstvima Europske unije iz Europskog fonda za regionalni razvoj<\/strong><\/p>\n<p>&nbsp;<\/p>\n<p>&nbsp;<\/p>\n<p>*\u201eSadr\u017eaj materijala isklju\u010diva je odgovornost\u201c ASEL, obrta za proizvodnju i usluge\u201c<\/p>\n","protected":false},"excerpt":{"rendered":"<p>Naziv projekta: Modernizacija obrta Asel Naziv korisnika: ASEL, obrt za proizvodnju i usluge, vl.Antun Srbi\u0107, Baki\u0107, B.Radi\u0107 br.33 Ukupna vrijednost projekta: 544.143,40 HRK EU sufinanciranje projekta: 263.542,69 HRK Razdoblje provedbe projekta: od 01.11.2017. do 01.05.2018 &nbsp; Nabava stroja sufinancirana je sredstvima Europske unije iz Europskog fonda za regionalni razvoj &nbsp; &nbsp; *\u201eSadr\u017eaj materijala isklju\u010diva je [&hellip;]<\/p>\n","protected":false},"author":1,"featured_media":0,"parent":0,"menu_order":0,"comment_status":"closed","ping_status":"closed","template":"","meta":[],"_links":{"self":[{"href":"https:\/\/asel.hr\/index.php?rest_route=\/wp\/v2\/pages\/1503"}],"collection":[{"href":"https:\/\/asel.hr\/index.php?rest_route=\/wp\/v2\/pages"}],"about":[{"href":"https:\/\/asel.hr\/index.php?rest_route=\/wp\/v2\/types\/page"}],"author":[{"embeddable":true,"href":"https:\/\/asel.hr\/index.php?rest_route=\/wp\/v2\/users\/1"}],"replies":[{"embeddable":true,"href":"https:\/\/asel.hr\/index.php?rest_route=%2Fwp%2Fv2%2Fcomments&post=1503"}],"version-history":[{"count":6,"href":"https:\/\/asel.hr\/index.php?rest_route=\/wp\/v2\/pages\/1503\/revisions"}],"predecessor-version":[{"id":1510,"href":"https:\/\/asel.hr\/index.php?rest_route=\/wp\/v2\/pages\/1503\/revisions\/1510"}],"wp:attachment":[{"href":"https:\/\/asel.hr\/index.php?rest_route=%2Fwp%2Fv2%2Fmedia&parent=1503"}],"curies":[{"name":"wp","href":"https:\/\/api.w.org\/{rel}","templated":true}]}}