{"id":270,"date":"2015-10-21T07:51:45","date_gmt":"2015-10-21T07:51:45","guid":{"rendered":"http:\/\/www.asel.hr\/?page_id=270"},"modified":"2018-10-23T07:46:02","modified_gmt":"2018-10-23T07:46:02","slug":"hidraulicna-cvikalica","status":"publish","type":"page","link":"http:\/\/asel.hr\/?page_id=270","title":{"rendered":"HIDRAULI\u010cNA CVIKALICA"},"content":{"rendered":"<h1>HIDRAULI\u010cNA CVIKALICA HC-160\/200<br \/>\n<img decoding=\"async\" loading=\"lazy\" src=\"http:\/\/www.asel.hr\/wp-content\/uploads\/2015\/10\/new.jpg\" alt=\"new\" width=\"113\" height=\"34\" class=\"alignnone size-full wp-image-39\" \/><\/h1>\n<p>&nbsp;<br \/>\n&nbsp;<\/p>\n<p style=\"text-align: center;\">HC-160\/200 &#8211; stroj dizajniran za sije\u010denje \u017ei\u010danih opruga u zadnjem namotu i odsijecanju krakova ili za sije\u010denje obi\u010dnih \u017eica.Elektroni\u010dki sklop u potpunosti je sklopljen od vrhunske kvalitete poluvodi\u010dkih krugova i komponenata, izolacije, izvanredne pouzdanosti zahvaljuju\u0107i i mehani\u010dkoj strukturi \u010dvrsto\u0107e te preciznom dizajnu.<\/p>\n<p>&nbsp;<br \/>\n<center><br \/>\n<img decoding=\"async\" loading=\"lazy\" class=\"alignnone size-medium wp-image-273\" src=\"http:\/\/www.asel.hr\/wp-content\/uploads\/2015\/10\/HC160r-188x300.jpg\" alt=\"HC160r\" width=\"188\" height=\"300\" srcset=\"http:\/\/asel.hr\/wp-content\/uploads\/2015\/10\/HC160r-188x300.jpg 188w, http:\/\/asel.hr\/wp-content\/uploads\/2015\/10\/HC160r-640x1024.jpg 640w, http:\/\/asel.hr\/wp-content\/uploads\/2015\/10\/HC160r.jpg 709w\" sizes=\"(max-width: 188px) 100vw, 188px\" \/>                    <img decoding=\"async\" loading=\"lazy\" class=\"alignnone wp-image-272 size-medium\" src=\"http:\/\/www.asel.hr\/wp-content\/uploads\/2015\/10\/1hc160-163x300.jpg\" alt=\"1hc160\" width=\"163\" height=\"300\" srcset=\"http:\/\/asel.hr\/wp-content\/uploads\/2015\/10\/1hc160-163x300.jpg 163w, http:\/\/asel.hr\/wp-content\/uploads\/2015\/10\/1hc160-557x1024.jpg 557w, http:\/\/asel.hr\/wp-content\/uploads\/2015\/10\/1hc160.jpg 624w\" sizes=\"(max-width: 163px) 100vw, 163px\" \/><br \/>\n&nbsp;<\/p>\n<h1>Ukoliko ne vidite video sadr\u017eaj instalirajte flash player sa ovog <a href=\"https:\/\/get.adobe.com\/flashplayer\/\">linka<\/a><\/h1>\n<p>[gmedia id=92]<br \/>\n&nbsp;<br \/>\n<\/center><\/p>\n<table bordercolorlight=\"#C0C0C0\" bordercolordark=\"#808080\" frame=\"BOX\" rules=\"ALL\" border=\"0\" cellpadding=\"1\" cellspacing=\"1\" hspace=\"0\" vspace=\"0\" width=\"100%\" align=\"center\">\n<tbody>\n<tr bgcolor=\"#FFFFCC\" valign=\"middle\">\n<td height=\"20\" width=\"230\">\u00a0<\/td>\n<td height=\"20\" width=\"186\">\n<div align=\"center\"><strong>\u00a0             \u00a0HC &#8211; 160<\/strong><\/div>\n<\/td>\n<td height=\"20\" width=\"177\">\n<div align=\"center\"><strong>\u00a0             \u00a0HC &#8211; 200<\/strong><\/div>\n<\/td>\n<\/tr>\n<tr bgcolor=\"#FFCC00\" valign=\"middle\">\n<td height=\"20\">\n<div>Max.               promjer \u017eice \u00a0[mm]<\/div>\n<\/td>\n<td height=\"20\" width=\"186\">\n<div align=\"center\">\u00a0             \u00a0\u00a0\u00a0\u00a0\u00a0\u00a0\u00a0\u00a0\u00a0\u00a016             \u00a0<\/div>\n<\/td>\n<td height=\"20\" width=\"177\">\n<div align=\"center\">\u00a0             \u00a0\u00a0\u00a0\u00a0\u00a0\u00a0\u00a0\u00a0\u00a0\u00a020             \u00a0<\/div>\n<\/td>\n<\/tr>\n<tr bgcolor=\"#FFFFCC\" valign=\"middle\">\n<td height=\"20\">\n<div>Max. promjer opruge \u00a0[mm]<\/div>\n<\/td>\n<td height=\"20\" width=\"186\">\n<div align=\"center\">\u00a0             \u00a035 &#8211; 200 <\/div>\n<\/td>\n<td height=\"20\" width=\"177\">\n<div align=\"center\">\u00a0             \u00a050 &#8211; 280 <\/div>\n<\/td>\n<\/tr>\n<tr bgcolor=\"#FFCC00\" valign=\"middle\">\n<td height=\"20\" width=\"230\">\n<div>Produktivnost\/h<\/div>\n<\/td>\n<td height=\"20\" width=\"186\">\n<div align=\"center\">\u00a0             \u00a0\u00a0\u00a0ca. 900<\/div>\n<\/td>\n<td height=\"20\" width=\"177\">\n<div align=\"center\">\u00a0             \u00a0\u00a0\u00a0ca. 850<\/div>\n<\/td>\n<\/tr>\n<tr bgcolor=\"#FFFFCC\" valign=\"middle\">\n<td height=\"20\">\n<div>Max.               potro\u0161nja [W]<\/div>\n<\/td>\n<td height=\"20\" width=\"186\">\n<div align=\"center\">\u00a0             \u00a0\u00a0\u00a0\u00a0\u00a05.700 \u00a0<\/div>\n<\/td>\n<td height=\"20\" width=\"177\">\n<div align=\"center\">\u00a0             \u00a0\u00a0\u00a0\u00a0\u00a07.700 \u00a0<\/div>\n<\/td>\n<\/tr>\n<tr bgcolor=\"#FFCC00\" valign=\"middle\">\n<td height=\"20\" width=\"230\">\n<div>Te\u017eina             ca. [kg]<\/div>\n<\/td>\n<td height=\"20\" width=\"186\">\n<div align=\"center\">\u00a0             \u00a0\u00a0\u00a0\u00a0\u00a0550 <\/div>\n<\/td>\n<td height=\"20\" width=\"177\">\n<div align=\"center\">\u00a0             \u00a0\u00a0\u00a0\u00a0700 <\/div>\n<\/td>\n<\/tr>\n<tr bgcolor=\"#FFFFCC\" valign=\"middle\">\n<td height=\"20\">\n<div>Dimenzije               V*D*\u0160 [mm]<\/div>\n<\/td>\n<td height=\"20\" width=\"186\">\n<div align=\"center\">\u00a01600*650*650<\/div>\n<\/td>\n<td height=\"20\" width=\"177\">\n<div align=\"center\">\u00a01650*650*700<\/div>\n<\/td>\n<\/tr>\n<\/tbody>\n<\/table>\n<p>&nbsp;<\/p>\n","protected":false},"excerpt":{"rendered":"<p>HIDRAULI\u010cNA CVIKALICA HC-160\/200 &nbsp; &nbsp; HC-160\/200 &#8211; stroj dizajniran za sije\u010denje \u017ei\u010danih opruga u zadnjem namotu i odsijecanju krakova ili za sije\u010denje obi\u010dnih \u017eica.Elektroni\u010dki sklop u potpunosti je sklopljen od vrhunske kvalitete poluvodi\u010dkih krugova i komponenata, izolacije, izvanredne pouzdanosti zahvaljuju\u0107i i mehani\u010dkoj strukturi \u010dvrsto\u0107e te preciznom dizajnu. &nbsp; &nbsp; Ukoliko ne vidite video sadr\u017eaj instalirajte [&hellip;]<\/p>\n","protected":false},"author":1,"featured_media":0,"parent":0,"menu_order":0,"comment_status":"closed","ping_status":"closed","template":"","meta":[],"_links":{"self":[{"href":"http:\/\/asel.hr\/index.php?rest_route=\/wp\/v2\/pages\/270"}],"collection":[{"href":"http:\/\/asel.hr\/index.php?rest_route=\/wp\/v2\/pages"}],"about":[{"href":"http:\/\/asel.hr\/index.php?rest_route=\/wp\/v2\/types\/page"}],"author":[{"embeddable":true,"href":"http:\/\/asel.hr\/index.php?rest_route=\/wp\/v2\/users\/1"}],"replies":[{"embeddable":true,"href":"http:\/\/asel.hr\/index.php?rest_route=%2Fwp%2Fv2%2Fcomments&post=270"}],"version-history":[{"count":7,"href":"http:\/\/asel.hr\/index.php?rest_route=\/wp\/v2\/pages\/270\/revisions"}],"predecessor-version":[{"id":2379,"href":"http:\/\/asel.hr\/index.php?rest_route=\/wp\/v2\/pages\/270\/revisions\/2379"}],"wp:attachment":[{"href":"http:\/\/asel.hr\/index.php?rest_route=%2Fwp%2Fv2%2Fmedia&parent=270"}],"curies":[{"name":"wp","href":"https:\/\/api.w.org\/{rel}","templated":true}]}}