{"id":210,"date":"2015-10-20T06:39:24","date_gmt":"2015-10-20T06:39:24","guid":{"rendered":"http:\/\/www.asel.hr\/?page_id=210"},"modified":"2019-11-27T06:59:36","modified_gmt":"2019-11-27T06:59:36","slug":"horizontalno-elektricno-vitlo","status":"publish","type":"page","link":"http:\/\/asel.hr\/?page_id=210","title":{"rendered":"HORIZONTALNO ELEKTRI\u010cNO VITLO"},"content":{"rendered":"<h1>HORIZONTALNO ELEKTRI\u010cNO VITLO<\/h1>\n<p style=\"text-align: center;\"><img decoding=\"async\" loading=\"lazy\" class=\"wp-image-2543 alignnone\" src=\"http:\/\/asel.hr\/wp-content\/uploads\/2019\/11\/vitlo.png\" alt=\"\" width=\"412\" height=\"327\" srcset=\"http:\/\/asel.hr\/wp-content\/uploads\/2019\/11\/vitlo.png 1280w, http:\/\/asel.hr\/wp-content\/uploads\/2019\/11\/vitlo-300x238.png 300w, http:\/\/asel.hr\/wp-content\/uploads\/2019\/11\/vitlo-768x610.png 768w, http:\/\/asel.hr\/wp-content\/uploads\/2019\/11\/vitlo-1024x813.png 1024w\" sizes=\"(max-width: 412px) 100vw, 412px\" \/><\/p>\n<p style=\"text-align: center;\">HMR-60\/220\/400\/650\/1250\/2000<\/p>\n<p style=\"text-align: center;\">Stroj dizajniran za odmotavanje \u017eice sa bunta i poslu\u017eivanje \u017eice strojevima za izradu opruga.<br \/>\nElektri\u010dno vitlo daje konstantnu napetost za bolju i produktivniju proizvodnju<\/p>\n<p style=\"text-align: center;\">Elektri\u010dno vitlo je opremljeno sa:<br \/>\n&#8211; detektorom \u017eice<br \/>\n&#8211; kontrolom sustava za hitne slu\u010dajeve<br \/>\n&#8211; podesivom nateznom oprugom<br \/>\n&#8211; koncentri\u010dnim pomicanjem na dr\u017ea\u010dima \u0161pule<br \/>\n&#8211; elektroni\u010dkim i mehani\u010dkim ko\u010dionim sistemom<br \/>\n&#8211; ravna\u010dem \u017eice<\/p>\n<p>[gmedia id=8]<\/p>\n<h1>Ukoliko se video ne prikazuje, preuzmite flash player sa ovog <a href=\"https:\/\/get.adobe.com\/flashplayer\/\">linka<\/a><\/h1>\n<p><center>[gmedia id=94]<\/center><\/p>\n<table border=\"0\" width=\"690\" frame=\"BOX\" rules=\"ALL\" cellspacing=\"1\" cellpadding=\"1\" align=\"center\">\n<tbody>\n<tr valign=\"middle\" bgcolor=\"#FFFFCC\">\n<td width=\"142\" height=\"20\"><\/td>\n<td height=\"20\">\n<div><strong>HMR-60<\/strong><\/div>\n<\/td>\n<td height=\"20\">\n<div><strong>HMR-220<\/strong><\/div>\n<\/td>\n<td height=\"20\">\n<div><strong>HMR-400<\/strong><\/div>\n<\/td>\n<td height=\"20\">\n<div><strong>HMR-650<\/strong><\/div>\n<\/td>\n<td height=\"20\">\n<div><strong>HMR-1250<\/strong><\/div>\n<\/td>\n<td height=\"20\">\n<div><strong>HMR-2000<\/strong><\/div>\n<\/td>\n<\/tr>\n<tr valign=\"middle\" bgcolor=\"#FFCC00\">\n<td height=\"20\">\n<div>Max. promjer \u017eice<\/div>\n<\/td>\n<td width=\"74\" height=\"20\">\n<div>1,6 mm<\/div>\n<\/td>\n<td width=\"83\" height=\"20\">\n<div>4 mm<\/div>\n<\/td>\n<td width=\"83\" height=\"20\">\n<div>8 mm<\/div>\n<\/td>\n<td width=\"93\" height=\"20\">\n<div>12 mm<\/div>\n<\/td>\n<td width=\"92\" height=\"20\">\n<div>16 mm<\/div>\n<\/td>\n<td width=\"93\" height=\"20\">\n<div>20 mm<\/div>\n<\/td>\n<\/tr>\n<tr valign=\"middle\" bgcolor=\"#FFFFCC\">\n<td width=\"142\" height=\"20\">\n<div>Kapacitet<\/div>\n<\/td>\n<td width=\"74\" height=\"20\">\n<div>600 N<\/div>\n<\/td>\n<td width=\"83\" height=\"20\">\n<div>2.200 N<\/div>\n<\/td>\n<td width=\"83\" height=\"20\">\n<div>4.000 N<\/div>\n<\/td>\n<td width=\"93\" height=\"20\">\n<div>6.500N<\/div>\n<\/td>\n<td width=\"92\" height=\"20\">\n<div>12.500N<\/div>\n<\/td>\n<td width=\"93\" height=\"20\">\n<div>20.000N<\/div>\n<\/td>\n<\/tr>\n<tr valign=\"middle\" bgcolor=\"#FFCC00\">\n<td width=\"142\" height=\"20\">\n<div>Stol<\/div>\n<\/td>\n<td width=\"74\" height=\"20\">\n<div>750 mm<\/div>\n<\/td>\n<td width=\"83\" height=\"20\">\n<div>1000 mm<\/div>\n<\/td>\n<td width=\"83\" height=\"20\">\n<div>1400 mm<\/div>\n<\/td>\n<td width=\"93\" height=\"20\">\n<div>1700mm<\/div>\n<\/td>\n<td width=\"92\" height=\"20\">\n<div>1800mm<\/div>\n<\/td>\n<td width=\"93\" height=\"20\">\n<div>2200mm<\/div>\n<\/td>\n<\/tr>\n<tr valign=\"middle\" bgcolor=\"#FFFFCC\">\n<td height=\"20\">Visina&gt;od poda<\/td>\n<td width=\"74\" height=\"20\">\n<div>780 mm<\/div>\n<\/td>\n<td width=\"83\" height=\"20\">\n<div>670 mm<\/div>\n<\/td>\n<td width=\"83\" height=\"20\">\n<div>670 mm<\/div>\n<\/td>\n<td width=\"93\" height=\"20\">\n<div>695 mm<\/div>\n<\/td>\n<td width=\"92\" height=\"20\">\n<div>800 mm<\/div>\n<\/td>\n<td width=\"93\" height=\"20\">\n<div>900 mm<\/div>\n<\/td>\n<\/tr>\n<tr valign=\"middle\" bgcolor=\"#FFCC00\">\n<td height=\"20\">\n<div>Visina postolja-\u0161pule<\/div>\n<\/td>\n<td width=\"74\" height=\"20\">\n<div>420 mm<\/div>\n<\/td>\n<td width=\"83\" height=\"20\">\n<div>420 mm<\/div>\n<\/td>\n<td width=\"83\" height=\"20\">\n<div>500 mm<\/div>\n<\/td>\n<td width=\"93\" height=\"20\">\n<div>600 mm<\/div>\n<\/td>\n<td width=\"92\" height=\"20\">\n<div>750 mm<\/div>\n<\/td>\n<td width=\"93\" height=\"20\">\n<div>800 mm<\/div>\n<\/td>\n<\/tr>\n<tr valign=\"middle\" bgcolor=\"#FFFFCC\">\n<td height=\"20\">\n<div>Brzina rotiranja :<\/div>\n<\/td>\n<td height=\"20\">\n<div>0 &#8211; 50 rpm<\/div>\n<\/td>\n<td height=\"20\">\n<div>0 &#8211; 60 rpm<\/div>\n<\/td>\n<td height=\"20\">\n<div>0 &#8211; 60 rpm<\/div>\n<\/td>\n<td width=\"93\" height=\"20\">\n<div>0-60rpm<\/div>\n<\/td>\n<td width=\"92\" height=\"20\">\n<div>0-55rpm<\/div>\n<\/td>\n<td width=\"93\" height=\"20\">\n<div>0-50rpm<\/div>\n<\/td>\n<\/tr>\n<tr valign=\"middle\" bgcolor=\"#FFCC00\">\n<td width=\"142\" height=\"20\">\n<div>Te\u017eina ca.<\/div>\n<\/td>\n<td width=\"74\" height=\"20\">\n<div>80 Kg<\/div>\n<\/td>\n<td width=\"83\" height=\"20\">\n<div>180 Kg<\/div>\n<\/td>\n<td width=\"83\" height=\"20\">\n<div>250 Kg<\/div>\n<\/td>\n<td width=\"93\" height=\"20\">\n<div>500 Kg<\/div>\n<\/td>\n<td width=\"92\" height=\"20\">\n<div>1000 Kg<\/div>\n<\/td>\n<td width=\"93\" height=\"20\">\n<div>1400 Kg<\/div>\n<\/td>\n<\/tr>\n<tr valign=\"middle\" bgcolor=\"#FFFFCC\">\n<td width=\"142\" height=\"20\">\n<div>Snaga<\/div>\n<\/td>\n<td width=\"74\" height=\"20\">\n<div>60 W<\/div>\n<\/td>\n<td width=\"83\" height=\"20\">\n<div>750 W<\/div>\n<\/td>\n<td width=\"83\" height=\"20\">\n<div>1,5 kW<\/div>\n<\/td>\n<td width=\"93\" height=\"20\">\n<div>2,5 kW<\/div>\n<\/td>\n<td width=\"92\" height=\"20\">\n<div>4,0 kW<\/div>\n<\/td>\n<td width=\"93\" height=\"20\">\n<div>5,5 kW<\/div>\n<\/td>\n<\/tr>\n<tr bgcolor=\"#FFCC00\">\n<td valign=\"TOP\" width=\"142\" height=\"52\">\n<div>Elektroni\u010dki ko\u010dioni sistem &#8211; omogu\u0107en rad sa patetiranim \u017eicama<\/div>\n<\/td>\n<td valign=\"TOP\" width=\"74\">\n<div>DA<\/div>\n<\/td>\n<td valign=\"TOP\" width=\"83\">\n<div>DA<\/div>\n<\/td>\n<td valign=\"TOP\" width=\"83\">\n<div>DA<\/div>\n<\/td>\n<td valign=\"TOP\" width=\"93\">\n<div>DA<\/div>\n<\/td>\n<td valign=\"TOP\" width=\"92\">\n<div>DA<\/div>\n<\/td>\n<td valign=\"TOP\" width=\"93\">\n<div>DA<\/div>\n<\/td>\n<\/tr>\n<\/tbody>\n<\/table>\n","protected":false},"excerpt":{"rendered":"<p>HORIZONTALNO ELEKTRI\u010cNO VITLO HMR-60\/220\/400\/650\/1250\/2000 Stroj dizajniran za odmotavanje \u017eice sa bunta i poslu\u017eivanje \u017eice strojevima za izradu opruga. Elektri\u010dno vitlo daje konstantnu napetost za bolju i produktivniju proizvodnju Elektri\u010dno vitlo je opremljeno sa: &#8211; detektorom \u017eice &#8211; kontrolom sustava za hitne slu\u010dajeve &#8211; podesivom nateznom oprugom &#8211; koncentri\u010dnim pomicanjem na dr\u017ea\u010dima \u0161pule &#8211; elektroni\u010dkim i [&hellip;]<\/p>\n","protected":false},"author":1,"featured_media":0,"parent":0,"menu_order":0,"comment_status":"closed","ping_status":"closed","template":"","meta":[],"_links":{"self":[{"href":"http:\/\/asel.hr\/index.php?rest_route=\/wp\/v2\/pages\/210"}],"collection":[{"href":"http:\/\/asel.hr\/index.php?rest_route=\/wp\/v2\/pages"}],"about":[{"href":"http:\/\/asel.hr\/index.php?rest_route=\/wp\/v2\/types\/page"}],"author":[{"embeddable":true,"href":"http:\/\/asel.hr\/index.php?rest_route=\/wp\/v2\/users\/1"}],"replies":[{"embeddable":true,"href":"http:\/\/asel.hr\/index.php?rest_route=%2Fwp%2Fv2%2Fcomments&post=210"}],"version-history":[{"count":40,"href":"http:\/\/asel.hr\/index.php?rest_route=\/wp\/v2\/pages\/210\/revisions"}],"predecessor-version":[{"id":2560,"href":"http:\/\/asel.hr\/index.php?rest_route=\/wp\/v2\/pages\/210\/revisions\/2560"}],"wp:attachment":[{"href":"http:\/\/asel.hr\/index.php?rest_route=%2Fwp%2Fv2%2Fmedia&parent=210"}],"curies":[{"name":"wp","href":"https:\/\/api.w.org\/{rel}","templated":true}]}}